000
CDUS43 KLBF 260711
CLILBF

CLIMATE REPORT
NATIONAL WEATHER SERVICE NORTH PLATTE NE
211 AM CDT MON SEP 26 2022

...................................

...THE NORTH PLATTE  CLIMATE SUMMARY FOR SEPTEMBER 25 2022...

CLIMATE NORMAL PERIOD 1991 TO 2020
CLIMATE RECORD PERIOD 1874 TO 2022


WEATHER ITEM   OBSERVED TIME   RECORD YEAR NORMAL DEPARTURE LAST
                VALUE   (LST)  VALUE       VALUE  FROM      YEAR
                                                  NORMAL
...................................................................
TEMPERATURE (F)
 YESTERDAY
  MAXIMUM         78    423 PM  94    1903  76      2       87
  MINIMUM         40    632 AM  23    1926  44     -4       39
  AVERAGE         59                        60     -1       63

PRECIPITATION (IN)
  YESTERDAY        0.00          1.93 1877   0.06  -0.06     0.00
  MONTH TO DATE    0.91                      1.32  -0.41     1.00
  SINCE SEP 1      0.91                      1.32  -0.41     1.00
  SINCE JAN 1     12.01                     18.20  -6.19    20.41

SNOWFALL (IN)
  YESTERDAY        0.0           0.0  2001   0.0    0.0      0.0
                                      2002
  MONTH TO DATE    0.0                       0.0    0.0      0.0
  SINCE SEP 1      0.0                       0.0    0.0      0.0
  SINCE JUL 1      0.0                       0.0    0.0       T
  SNOW DEPTH       0

DEGREE DAYS
 HEATING
  YESTERDAY        6                         6      0        2
  MONTH TO DATE   41                        84    -43       32
  SINCE SEP 1     41                        84    -43       32
  SINCE JUL 1     41                        98    -57       32

 COOLING
  YESTERDAY        0                         2     -2        0
  MONTH TO DATE  142                        90     52      134
  SINCE SEP 1    142                        90     52      134
  SINCE JAN 1   1304                       893    411     1149
...................................................................


WIND (MPH)
  HIGHEST WIND SPEED    17   HIGHEST WIND DIRECTION    NW (320)
  HIGHEST GUST SPEED    27   HIGHEST GUST DIRECTION    NW (300)
  AVERAGE WIND SPEED     6.9


SKY COVER
  POSSIBLE SUNSHINE  MM
  AVERAGE SKY COVER 0.0


WEATHER CONDITIONS
THE FOLLOWING WEATHER WAS RECORDED YESTERDAY.
  NO SIGNIFICANT WEATHER WAS OBSERVED.


RELATIVE HUMIDITY (PERCENT)
 HIGHEST    89           700 AM
 LOWEST     23           400 PM
 AVERAGE    56

..........................................................


THE NORTH PLATTE  CLIMATE NORMALS FOR TODAY
                         NORMAL    RECORD    YEAR
 MAXIMUM TEMPERATURE (F)   76        94      2021
 MINIMUM TEMPERATURE (F)   44        26      1934


SUNRISE AND SUNSET
SEPTEMBER 26 2022.....SUNRISE   734 AM CDT   SUNSET   733 PM CDT
SEPTEMBER 27 2022.....SUNRISE   735 AM CDT   SUNSET   731 PM CDT


-  INDICATES NEGATIVE NUMBERS.
R  INDICATES RECORD WAS SET OR TIED.
MM INDICATES DATA IS MISSING.
T  INDICATES TRACE AMOUNT.




$$
