000
CDUS42 KILM 302041
CLILBT

CLIMATE REPORT
NATIONAL WEATHER SERVICE WILMINGTON NC
441 PM EDT FRI SEP 30 2022

...................................

...THE LUMBERTON NORTH CAROLINA CLIMATE SUMMARY FOR SEPTEMBER 30 2022...
VALID TODAY AS OF 0400 PM LOCAL TIME.

CLIMATE NORMAL PERIOD 1991 TO 2020
CLIMATE RECORD PERIOD 1903 TO 2022


WEATHER ITEM   OBSERVED TIME   RECORD YEAR NORMAL DEPARTURE LAST
                VALUE   (LST)  VALUE       VALUE  FROM      YEAR
                                                  NORMAL
...................................................................
TEMPERATURE (F)
 TODAY
  MAXIMUM         64    259 PM  96    1911  81    -17       84
  MINIMUM         58    421 AM  39    1967  60     -2       66
                                      1970
  AVERAGE         61                        70     -9       75

PRECIPITATION (IN)
  TODAY            2.39          5.54 1924   0.12   2.27     0.00
  MONTH TO DATE    4.39                      4.93  -0.54     1.62
  SINCE SEP 1      4.39                      4.93  -0.54     1.62
  SINCE JAN 1     29.23                     34.07  -4.84    34.26

DEGREE DAYS
 HEATING
  TODAY            4                         1      3        0
  MONTH TO DATE    9                         5      4        0
  SINCE SEP 1      9                         5      4        0
  SINCE JUL 1      9                         5      4        0

 COOLING
  TODAY            0                         6     -6       10
  MONTH TO DATE  317                       292     25      297
  SINCE SEP 1    317                       292     25      297
  SINCE JAN 1   2248                      1985    263     1969
...................................................................


WIND (MPH)
  RESULTANT WIND SPEED  23   RESULTANT WIND DIRECTION  NE (30)
  HIGHEST WIND SPEED    41   HIGHEST WIND DIRECTION    NE (30)
  HIGHEST GUST SPEED    56   HIGHEST GUST DIRECTION    NE (40)
  AVERAGE WIND SPEED    23.3


SKY COVER
  AVERAGE SKY COVER 1.0


WEATHER CONDITIONS
THE FOLLOWING WEATHER WAS RECORDED TODAY.
  HEAVY RAIN
  RAIN
  LIGHT RAIN
  FOG


RELATIVE HUMIDITY (PERCENT)
 HIGHEST    97           300 PM
 LOWEST     83           100 AM
 AVERAGE    90

..........................................................


THE LUMBERTON NORTH CAROLINA CLIMATE NORMALS FOR TOMORROW
                         NORMAL    RECORD    YEAR
 MAXIMUM TEMPERATURE (F)   80        93      1904
 MINIMUM TEMPERATURE (F)   59        38      1963
                                             1967


SUNRISE AND SUNSET
SEPTEMBER 30 2022.....SUNRISE   710 AM EDT   SUNSET   702 PM EDT
OCTOBER  1 2022.......SUNRISE   711 AM EDT   SUNSET   700 PM EDT


-  INDICATES NEGATIVE NUMBERS.
R  INDICATES RECORD WAS SET OR TIED.
MM INDICATES DATA IS MISSING.
T  INDICATES TRACE AMOUNT.




$$
