000
CDUS44 KLCH 260905
CLILCH

CLIMATE REPORT
NATIONAL WEATHER SERVICE LAKE CHARLES, LA
405 AM CDT MON SEP 26 2022

...................................

...THE LAKE CHARLES CLIMATE SUMMARY FOR SEPTEMBER 25 2022...

CLIMATE NORMAL PERIOD: 1991 TO 2020
CLIMATE RECORD PERIOD: 1895 TO 2022


WEATHER ITEM   OBSERVED TIME   RECORD YEAR NORMAL DEPARTURE LAST
                VALUE   (LST)  VALUE       VALUE  FROM      YEAR
                                                  NORMAL
...................................................................
TEMPERATURE (F)
 YESTERDAY
  MAXIMUM         94   3:02 PM  99    1915  88      6       85
  MINIMUM         71   6:21 AM  52    1909  68      3       57
  AVERAGE         83                        78      5       71

PRECIPITATION (IN)
  YESTERDAY        0.00          3.04 1946   0.16  -0.16     0.00
  MONTH TO DATE    1.66                      4.41  -2.75     4.63
  SINCE SEP 1      1.66                      4.41  -2.75     4.63
  SINCE JAN 1     26.49                     45.49 -19.00    62.85

SNOWFALL (IN)
  YESTERDAY        0.0           0.0    MM  MM     MM        0.0
  MONTH TO DATE    0.0                       0.0    0.0      0.0
  SINCE SEP 1      0.0                       0.0    0.0      0.0
  SINCE JUL 1      0.0                      MM     MM        0.0
  SNOW DEPTH      MM

DEGREE DAYS
 HEATING
  YESTERDAY        0                         0      0        0
  MONTH TO DATE    0                         0      0        0
  SINCE SEP 1      0                         0      0        0
  SINCE JUL 1      0                         0      0        0

 COOLING
  YESTERDAY       18                        13      5        6
  MONTH TO DATE  383                       390     -7      355
  SINCE SEP 1    383                       390     -7      355
  SINCE JAN 1   2642                      2698    -56     2670
...................................................................


WIND (MPH)
  HIGHEST WIND SPEED    10   HIGHEST WIND DIRECTION    NW (310)
  HIGHEST GUST SPEED    15   HIGHEST GUST DIRECTION     N (340)
  AVERAGE WIND SPEED     3.7


SKY COVER
  POSSIBLE SUNSHINE  MM
  AVERAGE SKY COVER 0.0


WEATHER CONDITIONS
THE FOLLOWING WEATHER WAS RECORDED YESTERDAY.
  FOG


RELATIVE HUMIDITY (PERCENT)
 HIGHEST    94          10:00 PM
 LOWEST     40           4:00 PM
 AVERAGE    67

..........................................................


THE LAKE CHARLES CLIMATE NORMALS FOR TODAY
                         NORMAL    RECORD    YEAR
 MAXIMUM TEMPERATURE (F)   88        98      1910
 MINIMUM TEMPERATURE (F)   68        51      1909
                                             1940
                                             2000


SUNRISE AND SUNSET
SEPTEMBER 26 2022.....SUNRISE   7:03 AM CDT   SUNSET   7:04 PM CDT
SEPTEMBER 27 2022.....SUNRISE   7:04 AM CDT   SUNSET   7:03 PM CDT


-  INDICATES NEGATIVE NUMBERS.
R  INDICATES RECORD WAS SET OR TIED.
MM INDICATES DATA IS MISSING.
T  INDICATES TRACE AMOUNT.




$$
