000
CDUS42 KMLB 020642
CLILEE

CLIMATE REPORT
NATIONAL WEATHER SERVICE MELBOURNE FL
242 AM EDT SUN OCT 02 2022

...................................

...THE LEESBURG CLIMATE SUMMARY FOR OCTOBER 1 2022...

CLIMATE NORMAL PERIOD 1991 TO 2020
CLIMATE RECORD PERIOD 1958 TO 2022


WEATHER ITEM   OBSERVED TIME   RECORD YEAR NORMAL DEPARTURE LAST
                VALUE   (LST)  VALUE       VALUE  FROM      YEAR
                                                  NORMAL
...................................................................
TEMPERATURE (F)
 YESTERDAY
  MAXIMUM         85    345 PM  93    1959  88     -3       93
                                      1977
                                      2021
  MINIMUM         61    621 AM  57    2001  71    -10       68
  AVERAGE         73                        79     -6       81

PRECIPITATION (IN)
  YESTERDAY        0.00          2.84 1969   0.14  -0.14     0.00
  MONTH TO DATE    0.00                      0.14  -0.14     0.00
  SINCE SEP 1      7.29                      5.35   1.94     4.96
  SINCE JAN 1     51.45                     37.37  14.08    41.47

SNOWFALL (IN)
  YESTERDAY        0.0
  MONTH TO DATE    0.0
  SINCE JUL 1      0.0

DEGREE DAYS
 HEATING
  YESTERDAY        0                         0      0        0
  MONTH TO DATE    0                         0      0        0
  SINCE SEP 1      0                         0      0        0
  SINCE JUL 1      0                         0      0        0

 COOLING
  YESTERDAY        8                        14     -6       16
  MONTH TO DATE    8                        14     -6       16
  SINCE SEP 1    481                       506    -25      550
  SINCE JAN 1   3182                      2982    200     3213
...................................................................


WIND (MPH)
  HIGHEST WIND SPEED     9   HIGHEST WIND DIRECTION    NW (330)
  HIGHEST GUST SPEED    12   HIGHEST GUST DIRECTION    NW (310)
  AVERAGE WIND SPEED     3.8


SKY COVER
  AVERAGE SKY COVER 0.1


WEATHER CONDITIONS
THE FOLLOWING WEATHER WAS RECORDED YESTERDAY.
  NO SIGNIFICANT WEATHER WAS OBSERVED.


RELATIVE HUMIDITY (PERCENT)
 HIGHEST    97           600 AM
 LOWEST     48           400 PM
 AVERAGE    73

..........................................................


THE LEESBURG CLIMATE NORMALS FOR TODAY
                         NORMAL    RECORD    YEAR
 MAXIMUM TEMPERATURE (F)   88        93      1965
                                             1990
                                             2019
 MINIMUM TEMPERATURE (F)   71        52      1984


SUNRISE AND SUNSET
OCTOBER  2 2022.......SUNRISE   721 AM EDT   SUNSET   712 PM EDT
OCTOBER  3 2022.......SUNRISE   721 AM EDT   SUNSET   711 PM EDT


-  INDICATES NEGATIVE NUMBERS.
R  INDICATES RECORD WAS SET OR TIED.
MM INDICATES DATA IS MISSING.
T  INDICATES TRACE AMOUNT.




$$
