000
CDUS43 KLMK 260627
CLILEX

CLIMATE REPORT
NATIONAL WEATHER SERVICE LOUISVILLE KY
227 AM EDT MON SEP 26 2022

...................................

...THE LEXINGTON KY CLIMATE SUMMARY FOR SEPTEMBER 25 2022...

CLIMATE NORMAL PERIOD 1991 TO 2020
CLIMATE RECORD PERIOD 1872 TO 2022


WEATHER ITEM   OBSERVED TIME   RECORD YEAR NORMAL DEPARTURE LAST
                VALUE   (LST)  VALUE       VALUE  FROM      YEAR
                                                  NORMAL
...................................................................
TEMPERATURE (F)
 YESTERDAY
  MAXIMUM         78    344 PM  93    2007  77      1       69
  MINIMUM         57   1149 PM  35    1965  55      2       48
  AVERAGE         68                        66      2       59

PRECIPITATION (IN)
  YESTERDAY        0.05          2.96 1970   0.12  -0.07     0.03
  MONTH TO DATE    1.50                      2.83  -1.33     3.15
  SINCE SEP 1      1.50                      2.83  -1.33     3.15
  SINCE JAN 1     39.09                     38.02   1.07    43.78

SNOWFALL (IN)
  YESTERDAY        0.0          MM      MM   0.0    0.0      0.0
  MONTH TO DATE    0.0                       0.0    0.0      0.0
  SINCE SEP 1      0.0                       0.0    0.0      0.0
  SINCE JUL 1      0.0                       0.0    0.0      0.0
  SNOW DEPTH       0

DEGREE DAYS
 HEATING
  YESTERDAY        0                         3     -3        6
  MONTH TO DATE    8                        24    -16       26
  SINCE SEP 1      8                        24    -16       26
  SINCE JUL 1      8                        25    -17       26

 COOLING
  YESTERDAY        3                         4     -1        0
  MONTH TO DATE  180                       152     28      118
  SINCE SEP 1    180                       152     28      118
  SINCE JAN 1   1507                      1240    267     1086
...................................................................


WIND (MPH)
  HIGHEST WIND SPEED    23   HIGHEST WIND DIRECTION     W (270)
  HIGHEST GUST SPEED    40   HIGHEST GUST DIRECTION    SW (240)
  AVERAGE WIND SPEED    11.4


SKY COVER
  POSSIBLE SUNSHINE  MM
  AVERAGE SKY COVER 0.1


WEATHER CONDITIONS
THE FOLLOWING WEATHER WAS RECORDED YESTERDAY.
  LIGHT RAIN


RELATIVE HUMIDITY (PERCENT)
 HIGHEST    81           800 AM
 LOWEST     39           300 PM
 AVERAGE    60

..........................................................


THE LEXINGTON KY CLIMATE NORMALS FOR TODAY
                         NORMAL    RECORD    YEAR
 MAXIMUM TEMPERATURE (F)   77        90      1900
                                             1939
 MINIMUM TEMPERATURE (F)   54        38      1940
                                             2001


SUNRISE AND SUNSET
SEPTEMBER 26 2022.....SUNRISE   730 AM EDT   SUNSET   729 PM EDT
SEPTEMBER 27 2022.....SUNRISE   731 AM EDT   SUNSET   727 PM EDT


-  INDICATES NEGATIVE NUMBERS.
R  INDICATES RECORD WAS SET OR TIED.
MM INDICATES DATA IS MISSING.
T  INDICATES TRACE AMOUNT.




$$
