000
CDUS44 KLCH 020842
CLILFT

CLIMATE REPORT
NATIONAL WEATHER SERVICE LAKE CHARLES, LA
342 AM CDT SUN OCT 02 2022

...................................

...THE LAFAYETTE CLIMATE SUMMARY FOR OCTOBER 1 2022...

CLIMATE NORMAL PERIOD: 1991 TO 2020
CLIMATE RECORD PERIOD: 1893 TO 2022


WEATHER ITEM   OBSERVED TIME   RECORD YEAR NORMAL DEPARTURE LAST
                VALUE   (LST)  VALUE       VALUE  FROM      YEAR
                                                  NORMAL
...................................................................
TEMPERATURE (F)
 YESTERDAY
  MAXIMUM         85   3:22 PM  96    1900  86     -1       84
                                      1938
  MINIMUM         53   6:17 AM  39    1920  66    -13       72
                                      1924
  AVERAGE         69                        76     -7       78

PRECIPITATION (IN)
  YESTERDAY        0.00          2.55 1962   0.15  -0.15     0.33
  MONTH TO DATE    0.00                      0.15  -0.15     0.33
  SINCE SEP 1      1.26                      5.17  -3.91    11.37
  SINCE JAN 1     43.31                     48.85  -5.54    72.27

SNOWFALL (IN)
  YESTERDAY        0.0           0.0    MM  MM     MM        0.0
  MONTH TO DATE    0.0                       0.0    0.0      0.0
  SINCE SEP 1      0.0                      MM     MM        0.0
  SINCE JUL 1      0.0                      MM     MM        0.0
  SNOW DEPTH      MM

DEGREE DAYS
 HEATING
  YESTERDAY        0                         0      0        0
  MONTH TO DATE    0                         0      0        0
  SINCE SEP 1      0                         0      0        0
  SINCE JUL 1      0                         0      0        0

 COOLING
  YESTERDAY        4                        11     -7       13
  MONTH TO DATE    4                        11     -7       13
  SINCE SEP 1    435                       452    -17      427
  SINCE JAN 1   2887                      2726    161     2653
...................................................................


WIND (MPH)
  HIGHEST WIND SPEED    15   HIGHEST WIND DIRECTION     N (360)
  HIGHEST GUST SPEED    28   HIGHEST GUST DIRECTION     N (10)
  AVERAGE WIND SPEED     5.2


SKY COVER
  POSSIBLE SUNSHINE  MM
  AVERAGE SKY COVER 0.0


WEATHER CONDITIONS
THE FOLLOWING WEATHER WAS RECORDED YESTERDAY.
  NO SIGNIFICANT WEATHER WAS OBSERVED.


RELATIVE HUMIDITY (PERCENT)
 HIGHEST    86          10:00 PM
 LOWEST     26           4:00 PM
 AVERAGE    56

..........................................................


THE LAFAYETTE CLIMATE NORMALS FOR TODAY
                         NORMAL    RECORD    YEAR
 MAXIMUM TEMPERATURE (F)   86        96      1904
 MINIMUM TEMPERATURE (F)   66        42      1924


SUNRISE AND SUNSET
OCTOBER  2 2022.......SUNRISE   7:02 AM CDT   SUNSET   6:52 PM CDT
OCTOBER  3 2022.......SUNRISE   7:03 AM CDT   SUNSET   6:51 PM CDT


-  INDICATES NEGATIVE NUMBERS.
R  INDICATES RECORD WAS SET OR TIED.
MM INDICATES DATA IS MISSING.
T  INDICATES TRACE AMOUNT.




$$
