000
CDUS41 KOKX 260619
CLILGA

CLIMATE REPORT
NATIONAL WEATHER SERVICE NEW YORK, NY
219 AM EDT MON SEP 26 2022

...................................

...THE LAGUARDIA NY CLIMATE SUMMARY FOR SEPTEMBER 25 2022...

CLIMATE NORMAL PERIOD 1991 TO 2020
CLIMATE RECORD PERIOD 1939 TO 2022


WEATHER ITEM   OBSERVED TIME   RECORD YEAR NORMAL DEPARTURE LAST
                VALUE   (LST)  VALUE       VALUE  FROM      YEAR
                                                  NORMAL
...................................................................
TEMPERATURE (F)
 YESTERDAY
  MAXIMUM         77    253 PM  90    1970  74      3       77
                                      2010
  MINIMUM         61    917 PM  42    1950  61      0       63
  AVERAGE         69                        68      1       70

PRECIPITATION (IN)
  YESTERDAY        0.78          2.84 1940   0.12   0.66     0.00
  MONTH TO DATE    5.08                      3.22   1.86     8.65
  SINCE SEP 1      5.08                      3.22   1.86     8.65
  SINCE JAN 1     31.61                     33.58  -1.97    42.58

SNOWFALL (IN)
  YESTERDAY        0.0          MM      MM   0.0    0.0      0.0
  MONTH TO DATE    0.0                       0.0    0.0      0.0
  SINCE SEP 1      0.0                       0.0    0.0      0.0
  SINCE JUL 1      0.0                       0.0    0.0      0.0
  SNOW DEPTH       0

DEGREE DAYS
 HEATING
  YESTERDAY        0                         1     -1        0
  MONTH TO DATE   11                         9      2        0
  SINCE SEP 1     11                         9      2        0
  SINCE JUL 1     11                         9      2        1

 COOLING
  YESTERDAY        4                         4      0        5
  MONTH TO DATE  201                       178     23      227
  SINCE SEP 1    201                       178     23      227
  SINCE JAN 1   1513                      1358    155     1506
...................................................................


WIND (MPH)
  HIGHEST WIND SPEED    24   HIGHEST WIND DIRECTION     W (260)
  HIGHEST GUST SPEED    32   HIGHEST GUST DIRECTION     W (270)
  AVERAGE WIND SPEED     9.5


SKY COVER
  AVERAGE SKY COVER 0.8


WEATHER CONDITIONS
THE FOLLOWING WEATHER WAS RECORDED YESTERDAY.
  THUNDERSTORM
  HEAVY RAIN
  LIGHT RAIN
  FOG


RELATIVE HUMIDITY (PERCENT)
 HIGHEST    83           900 PM
 LOWEST     43          1200 AM
 AVERAGE    63

..........................................................


THE LAGUARDIA NY CLIMATE NORMALS FOR TODAY
                         NORMAL    RECORD    YEAR
 MAXIMUM TEMPERATURE (F)   74        90      2007
 MINIMUM TEMPERATURE (F)   61        44      1940
                                             1947


SUNRISE AND SUNSET
SEPTEMBER 26 2022.....SUNRISE   647 AM EDT   SUNSET   646 PM EDT
SEPTEMBER 27 2022.....SUNRISE   648 AM EDT   SUNSET   644 PM EDT


-  INDICATES NEGATIVE NUMBERS.
R  INDICATES RECORD WAS SET OR TIED.
MM INDICATES DATA IS MISSING.
T  INDICATES TRACE AMOUNT.




$$
