000
CDUS46 KLOX 050845
CLILGB

CLIMATE REPORT
NATIONAL WEATHER SERVICE LOS ANGELES/OXNARD
145 AM PDT WED OCT 05 2022

...................................

...THE LONG BEACH AIRPORT CA CLIMATE SUMMARY FOR OCTOBER 4 2022...

CLIMATE NORMAL PERIOD: 1991 TO 2020
CLIMATE RECORD PERIOD: 1958 TO 2022


WEATHER ITEM   OBSERVED TIME   RECORD YEAR NORMAL DEPARTURE LAST
                VALUE   (LST)  VALUE       VALUE  FROM      YEAR
                                                  NORMAL
...................................................................
TEMPERATURE (F)
 YESTERDAY
  MAXIMUM         81   3:38 PM 105    1987  79      2       89
  MINIMUM         65   3:52 AM  53    1973  62      3       65
  AVERAGE         73                        70      3       77

PRECIPITATION (IN)
  YESTERDAY        0.00          0.33 1983   0.01  -0.01     0.09
  MONTH TO DATE    0.00                      0.03  -0.03     0.09
  SINCE JUL 1      0.20                      0.17   0.03     0.16
  SINCE OCT 1      0.00                      0.03  -0.03     0.09
  SINCE JAN 1      1.46                      8.62  -7.16     3.07

SNOWFALL (IN)
  YESTERDAY       MM
  MONTH TO DATE   MM
  SINCE SEP 1     MM
  SINCE JUL 1     MM

DEGREE DAYS
 HEATING
  YESTERDAY        0                         0      0        0
  MONTH TO DATE    0                         0      0        0
  SINCE SEP 1      0                         1     -1        0
  SINCE JUL 1      0                         1     -1        0

 COOLING
  YESTERDAY        8                         6      2       12
  MONTH TO DATE   31                        24      7       43
  SINCE SEP 1    460                       269    191      267
  SINCE JAN 1   1460                      1035    425     1057
...................................................................


WIND (MPH)
  HIGHEST WIND SPEED    12   HIGHEST WIND DIRECTION     S (170)
  HIGHEST GUST SPEED    15   HIGHEST GUST DIRECTION    SW (220)
  AVERAGE WIND SPEED     4.0


SKY COVER
  POSSIBLE SUNSHINE  MM
  AVERAGE SKY COVER 0.0


WEATHER CONDITIONS
THE FOLLOWING WEATHER WAS RECORDED YESTERDAY.
  NO SIGNIFICANT WEATHER WAS OBSERVED.


RELATIVE HUMIDITY (PERCENT)
 HIGHEST    84           3:00 AM
 LOWEST     52           4:00 PM
 AVERAGE    68

..........................................................


THE LONG BEACH AIRPORT CA CLIMATE NORMALS FOR TODAY
                         NORMAL    RECORD    YEAR
 MAXIMUM TEMPERATURE (F)   79       104      1971
 MINIMUM TEMPERATURE (F)   61        51      1969


SUNRISE AND SUNSET
OCTOBER  5 2022.......SUNRISE   6:50 AM PDT   SUNSET   6:31 PM PDT
OCTOBER  6 2022.......SUNRISE   6:51 AM PDT   SUNSET   6:30 PM PDT


-  INDICATES NEGATIVE NUMBERS.
R  INDICATES RECORD WAS SET OR TIED.
MM INDICATES DATA IS MISSING.
T  INDICATES TRACE AMOUNT.




$$
