000
CDHW41 PHFO 010231
CLILIH

CLIMATE REPORT
NATIONAL WEATHER SERVICE HONOLULU HI
431 PM HST FRI SEP 30 2022

...................................

...THE LIHUE HI CLIMATE SUMMARY FOR SEPTEMBER 30 2022...
VALID TODAY AS OF 0425 PM LOCAL TIME.

CLIMATE NORMAL PERIOD 1991 TO 2020
CLIMATE RECORD PERIOD 1950 TO 2022


WEATHER ITEM   OBSERVED TIME   RECORD YEAR NORMAL DEPARTURE LAST
                VALUE   (LST)  VALUE       VALUE  FROM      YEAR
                                                  NORMAL
...................................................................
TEMPERATURE (F)
 TODAY
  MAXIMUM         86    200 PM  88    1981  85      1       84
                                      2017
  MINIMUM         73    621 AM  65    1968  75     -2       74
  AVERAGE         80                        80      0       79

PRECIPITATION (IN)
  TODAY            T             1.90 1960   0.08  -0.08     0.04
  MONTH TO DATE    0.65                      2.18  -1.53     1.96
  SINCE SEP 1      0.65                      2.18  -1.53     1.96
  SINCE JAN 1     18.60                     24.28  -5.68    25.83

SNOWFALL (IN)
  TODAY           MM
  MONTH TO DATE   MM
  SINCE SEP 1     MM
  SINCE JUL 1     MM
  SNOW DEPTH      MM

DEGREE DAYS
 HEATING
  TODAY            0                         0      0        0
  MONTH TO DATE    0                         0      0        0
  SINCE SEP 1      0                         0      0        0
  SINCE JUL 1      0                         0      0        0

 COOLING
  TODAY           15                        15      0       14
  MONTH TO DATE  445                       452     -7      443
  SINCE SEP 1    445                       452     -7      443
  SINCE JAN 1   2940                      3086   -146     3279
...................................................................


WIND (MPH)
  HIGHEST WIND SPEED    18   HIGHEST WIND DIRECTION     E (80)
  HIGHEST GUST SPEED    23   HIGHEST GUST DIRECTION     E (80)
  AVERAGE WIND SPEED     8.9


SKY COVER
  POSSIBLE SUNSHINE  MM
  AVERAGE SKY COVER 0.7


WEATHER CONDITIONS
THE FOLLOWING WEATHER WAS RECORDED TODAY.
  LIGHT RAIN
  FOG


RELATIVE HUMIDITY (PERCENT)
 HIGHEST    96          1200 AM
 LOWEST     65          1200 PM
 AVERAGE    81

..........................................................


THE LIHUE HI CLIMATE NORMALS FOR TOMORROW
                         NORMAL    RECORD    YEAR
 MAXIMUM TEMPERATURE (F)   85        89      2019
 MINIMUM TEMPERATURE (F)   75        64      1966


SUNRISE AND SUNSET
SEPTEMBER 30 2022.....SUNRISE   629 AM HST   SUNSET   626 PM HST
OCTOBER  1 2022.......SUNRISE   629 AM HST   SUNSET   625 PM HST


-  INDICATES NEGATIVE NUMBERS.
R  INDICATES RECORD WAS SET OR TIED.
MM INDICATES DATA IS MISSING.
T  INDICATES TRACE AMOUNT.




$$
