000
CDUS44 KLZK 052054
CLILIT

CLIMATE REPORT
NATIONAL WEATHER SERVICE LITTLE ROCK AR
354 PM CDT WED OCT 05 2022

...................................

...THE LITTLE ROCK ADAMS FIELD CLIMATE SUMMARY FOR OCTOBER 5 2022...
VALID TODAY AS OF 0300 PM LOCAL TIME.

CLIMATE NORMAL PERIOD 1991 TO 2020
CLIMATE RECORD PERIOD 1874 TO 2022


WEATHER ITEM   OBSERVED TIME   RECORD YEAR NORMAL DEPARTURE LAST
                VALUE   (LST)  VALUE       VALUE  FROM      YEAR
                                                  NORMAL
...................................................................
TEMPERATURE (F)
 TODAY
  MAXIMUM         84    150 PM  94    1954  79      5       82
  MINIMUM         51    623 AM  42    1979  55     -4       62
                                      1987
                                      2010
  AVERAGE         68                        67      1       72

PRECIPITATION (IN)
  TODAY            0.00          3.25 1949   0.13  -0.13     0.00
  MONTH TO DATE    0.00                      0.62  -0.62     2.09
  SINCE SEP 1      0.63                      3.63  -3.00     3.19
  SINCE JAN 1     35.52                     36.77  -1.25    35.82

SNOWFALL (IN)
  TODAY            0.0          MM      MM   0.0    0.0      0.0
  MONTH TO DATE    0.0                       0.0    0.0      0.0
  SINCE SEP 1      0.0                       0.0    0.0      0.0
  SINCE JUL 1      0.0                       0.0    0.0      0.0
  SNOW DEPTH       0

DEGREE DAYS
 HEATING
  TODAY            0                         2     -2        0
  MONTH TO DATE    0                        10    -10        0
  SINCE SEP 1      1                        21    -20        0
  SINCE JUL 1      1                        21    -20        0

 COOLING
  TODAY            3                         4     -1        7
  MONTH TO DATE   20                        22     -2       44
  SINCE SEP 1    398                       303     95      394
  SINCE JAN 1   2464                      1935    529     2066
...................................................................


WIND (MPH)
  HIGHEST WIND SPEED     8   HIGHEST WIND DIRECTION    NE (60)
  HIGHEST GUST SPEED    11   HIGHEST GUST DIRECTION    NE (60)
  AVERAGE WIND SPEED     2.1


SKY COVER
  POSSIBLE SUNSHINE  MM
  AVERAGE SKY COVER 0.0


WEATHER CONDITIONS
THE FOLLOWING WEATHER WAS RECORDED TODAY.
  HAZE


RELATIVE HUMIDITY (PERCENT)
 HIGHEST    80           600 AM
 LOWEST     26           100 PM
 AVERAGE    53

..........................................................


THE LITTLE ROCK ADAMS FIELD CLIMATE NORMALS FOR TOMORROW
                         NORMAL    RECORD    YEAR
 MAXIMUM TEMPERATURE (F)   78        94      1956
 MINIMUM TEMPERATURE (F)   55        38      1985


SUNRISE AND SUNSET
OCTOBER  5 2022.......SUNRISE   707 AM CDT   SUNSET   647 PM CDT
OCTOBER  6 2022.......SUNRISE   707 AM CDT   SUNSET   646 PM CDT


-  INDICATES NEGATIVE NUMBERS.
R  INDICATES RECORD WAS SET OR TIED.
MM INDICATES DATA IS MISSING.
T  INDICATES TRACE AMOUNT.




$$
