000
CDUS45 KPIH 060739
CLILLJ

CLIMATE REPORT
NATIONAL WEATHER SERVICE POCATELLO ID
139 AM MDT THU OCT 06 2022

...................................

...THE CHALLIS CLIMATE SUMMARY FOR OCTOBER 5 2022...

CLIMATE NORMAL PERIOD 1991 TO 2020
CLIMATE RECORD PERIOD 1895 TO 2022


WEATHER ITEM   OBSERVED TIME   RECORD YEAR NORMAL DEPARTURE LAST
                VALUE   (LST)  VALUE       VALUE  FROM      YEAR
                                                  NORMAL
...................................................................
TEMPERATURE (F)
 YESTERDAY
  MAXIMUM         77    433 PM  83    1927  65     12       81
  MINIMUM         36    714 AM  20    1916  36      0       39
                                      1981
  AVERAGE         57                        50      7       60

PRECIPITATION (IN)
  YESTERDAY        0.00          0.58 1967   0.02  -0.02     0.00
  MONTH TO DATE    0.01                      0.10  -0.09      T
  SINCE OCT 1      0.01                      0.10  -0.09      T
  SINCE JAN 1      5.05                      5.43  -0.38     3.34

SNOWFALL (IN)
  YESTERDAY       MM
  MONTH TO DATE   MM
  SINCE SEP 1     MM
  SINCE JUL 1     MM
  SNOW DEPTH      MM

DEGREE DAYS
 HEATING
  YESTERDAY        8                        15     -7        5
  MONTH TO DATE   55                        69    -14       42
  SINCE SEP 1    200                       286    -86      214
  SINCE JUL 1    200                       341   -141      257

 COOLING
  YESTERDAY        0                         0      0        0
  MONTH TO DATE    0                         0      0        0
  SINCE SEP 1     60                        14     46       26
  SINCE JAN 1    515                       312    203      613
...................................................................


WIND (MPH)
  HIGHEST WIND SPEED     9   HIGHEST WIND DIRECTION    NW (310)
  HIGHEST GUST SPEED    15   HIGHEST GUST DIRECTION    NW (330)
  AVERAGE WIND SPEED     2.4


SKY COVER
  POSSIBLE SUNSHINE  MM
  AVERAGE SKY COVER 0.0


WEATHER CONDITIONS
THE FOLLOWING WEATHER WAS RECORDED YESTERDAY.
  NO SIGNIFICANT WEATHER WAS OBSERVED.


RELATIVE HUMIDITY (PERCENT)
 HIGHEST    70           500 AM
 LOWEST     23           400 PM
 AVERAGE    47

..........................................................


THE CHALLIS CLIMATE NORMALS FOR TODAY
                         NORMAL    RECORD    YEAR
 MAXIMUM TEMPERATURE (F)   64        82      1933
 MINIMUM TEMPERATURE (F)   35        20      1932
                                             1955
                                             2012


SUNRISE AND SUNSET
OCTOBER  6 2022.......SUNRISE   741 AM MDT   SUNSET   708 PM MDT
OCTOBER  7 2022.......SUNRISE   742 AM MDT   SUNSET   706 PM MDT


-  INDICATES NEGATIVE NUMBERS.
R  INDICATES RECORD WAS SET OR TIED.
MM INDICATES DATA IS MISSING.
T  INDICATES TRACE AMOUNT.




$$
