000
CDUS46 KMFR 010121
CLILMT

CLIMATE REPORT
NATIONAL WEATHER SERVICE MEDFORD, OR
621 PM PDT FRI SEP 30 2022

...................................

...THE KLAMATH FALLS OR CLIMATE SUMMARY FOR SEPTEMBER 30 2022...
VALID TODAY AS OF 0500 PM LOCAL TIME.

CLIMATE NORMAL PERIOD 1991 TO 2020
CLIMATE RECORD PERIOD 1928 TO 2022


WEATHER ITEM   OBSERVED TIME   RECORD YEAR NORMAL DEPARTURE LAST
                VALUE   (LST)  VALUE       VALUE  FROM      YEAR
                                                  NORMAL
...................................................................
TEMPERATURE (F)
 TODAY
  MAXIMUM         74    359 PM  89    2010  72      2       73
  MINIMUM         35    259 AM  26    1926  35      0       28
                                      1950
                                      2002
  AVERAGE         55                        53      2       51

PRECIPITATION (IN)
  TODAY            0.00          0.40 1898   0.01  -0.01     0.00
  MONTH TO DATE    0.72                      0.30   0.42     0.39
  SINCE OCT 1      7.73                     11.14  -3.41     5.90
  SINCE JAN 1      4.13                      7.22  -3.09     3.45

SNOWFALL (IN)
  TODAY           MM                        MM     MM       MM
  MONTH TO DATE   MM                        MM     MM       MM
  SINCE JUL 1     MM                        MM     MM       MM
  SNOW DEPTH      MM

DEGREE DAYS
 HEATING
  TODAY           10                        12     -2       14
  MONTH TO DATE  151                       216    -65      208
  SINCE SEP 1    151                       216    -65      208
  SINCE JUL 1    182                       311   -129      284

 COOLING
  TODAY            0                         0      0        0
  MONTH TO DATE   40                        14     26        7
  SINCE SEP 1     40                        14     26        7
  SINCE JAN 1    406                       216    190      435
...................................................................


WIND (MPH)
  HIGHEST WIND SPEED    16   HIGHEST WIND DIRECTION    NE (60)
  HIGHEST GUST SPEED    23   HIGHEST GUST DIRECTION    NE (50)
  AVERAGE WIND SPEED     5.3


SKY COVER
  POSSIBLE SUNSHINE  MM
  AVERAGE SKY COVER 0.0


WEATHER CONDITIONS
THE FOLLOWING WEATHER WAS RECORDED TODAY.
  NO SIGNIFICANT WEATHER WAS OBSERVED.


RELATIVE HUMIDITY (PERCENT)
 HIGHEST    97           700 AM
 LOWEST     27           400 PM

..........................................................


THE KLAMATH FALLS OR CLIMATE NORMALS FOR TOMORROW
                         NORMAL    RECORD    YEAR
 MAXIMUM TEMPERATURE (F)   72        88      1987
                                             2010
 MINIMUM TEMPERATURE (F)   35        23      2016


SUNRISE AND SUNSET
SEPTEMBER 30 2022.....SUNRISE   703 AM PDT   SUNSET   650 PM PDT
OCTOBER  1 2022.......SUNRISE   704 AM PDT   SUNSET   648 PM PDT


-  INDICATES NEGATIVE NUMBERS.
R  INDICATES RECORD WAS SET OR TIED.
MM INDICATES DATA IS MISSING.
T  INDICATES TRACE AMOUNT.




$$
