000
CDUS45 KRIW 010748
CLILND

CLIMATE REPORT
NATIONAL WEATHER SERVICE RIVERTON WY
148 AM MDT SAT OCT 01 2022

...................................

...THE LANDER WY CLIMATE SUMMARY FOR SEPTEMBER 30 2022...

CLIMATE NORMAL PERIOD: 1991 TO 2020
CLIMATE RECORD PERIOD: 1891 TO 2022


WEATHER ITEM   OBSERVED TIME   RECORD YEAR NORMAL DEPARTURE LAST
                VALUE   (LST)  VALUE       VALUE  FROM      YEAR
                                                  NORMAL
...................................................................
TEMPERATURE (F)
 YESTERDAY
  MAXIMUM         67   3:41 PM  86    1980  67      0       62
  MINIMUM         48   7:02 AM  20    1985  39      9       28
  AVERAGE         58                        53      5

PRECIPITATION (IN)
  YESTERDAY        0.41          1.93 1944   0.04   0.37     0.00
  MONTH TO DATE    1.50                      0.98   0.52     0.49
  SINCE SEP 1      1.50                      0.98   0.52     0.49
  SINCE JAN 1     11.22                     10.42   0.80    10.88

SNOWFALL (IN)
  YESTERDAY        0.0          11.4  1982   0.1   -0.1      0.0
  MONTH TO DATE    0.0                       1.5   -1.5      0.0
  SINCE SEP 1      0.0                       1.5   -1.5      0.0
  SINCE JUL 1      0.0                       1.5   -1.5      0.0
  SNOW DEPTH       0

DEGREE DAYS
 HEATING
  YESTERDAY        7                        12     -5       20
  MONTH TO DATE  107                       194    -87      115
  SINCE SEP 1    107                       194    -87      115
  SINCE JUL 1    108                       233   -125      139

 COOLING
  YESTERDAY        0                         0      0        0
  MONTH TO DATE  102                        32     70       58
  SINCE SEP 1    102                        32     70       58
  SINCE JAN 1    720                       484    236      697
...................................................................


WIND (MPH)
  HIGHEST WIND SPEED    21   HIGHEST WIND DIRECTION     N (20)
  HIGHEST GUST SPEED    28   HIGHEST GUST DIRECTION    NE (40)
  AVERAGE WIND SPEED     5.2


SKY COVER
  POSSIBLE SUNSHINE  MM
  AVERAGE SKY COVER 0.8


WEATHER CONDITIONS
THE FOLLOWING WEATHER WAS RECORDED YESTERDAY.
  THUNDERSTORM
  RAIN
  LIGHT RAIN
  FOG


RELATIVE HUMIDITY (PERCENT)
 HIGHEST    97           4:00 AM
 LOWEST     41           4:00 PM
 AVERAGE    69

..........................................................


THE LANDER WY CLIMATE NORMALS FOR TODAY
                         NORMAL    RECORD    YEAR
 MAXIMUM TEMPERATURE (F)   67        85      1963
                                             2011
 MINIMUM TEMPERATURE (F)   38        24      1944
                                             1950


SUNRISE AND SUNSET
OCTOBER  1 2022.......SUNRISE   7:12 AM MDT   SUNSET   6:56 PM MDT
OCTOBER  2 2022.......SUNRISE   7:13 AM MDT   SUNSET   6:54 PM MDT


-  INDICATES NEGATIVE NUMBERS.
R  INDICATES RECORD WAS SET OR TIED.
MM INDICATES DATA IS MISSING.
T  INDICATES TRACE AMOUNT.




$$
