000
CDUS43 KOAX 052123
CLILNK

CLIMATE REPORT
NATIONAL WEATHER SERVICE OMAHA/VALLEY NE
423 PM CDT WED OCT 05 2022

...................................

...THE LINCOLN NE CLIMATE SUMMARY FOR OCTOBER 5 2022...
VALID TODAY AS OF 0400 PM LOCAL TIME.

CLIMATE NORMAL PERIOD 1991 TO 2020
CLIMATE RECORD PERIOD 1887 TO 2022


WEATHER ITEM   OBSERVED TIME   RECORD YEAR NORMAL DEPARTURE LAST
                VALUE   (LST)  VALUE       VALUE  FROM      YEAR
                                                  NORMAL
...................................................................
TEMPERATURE (F)
 TODAY
  MAXIMUM         77    225 PM  98    1947  72      5       80
  MINIMUM         49    514 AM  28    1952  46      3       44
                                      1991
                                      2012
  AVERAGE         63                        59      4       62

PRECIPITATION (IN)
  TODAY            T             1.34 2017   0.08  -0.08     0.00
  MONTH TO DATE    T                         0.45  -0.45     0.01
  SINCE SEP 1      0.97                      3.35  -2.38     0.65
  SINCE JAN 1     18.41                     25.17  -6.76    22.09

SNOWFALL (IN)
  TODAY            0.0           0.0  2001   0.0    0.0      0.0
                                      2006
  MONTH TO DATE    0.0                       0.0    0.0      0.0
  SINCE SEP 1      0.0                       0.0    0.0      0.0
  SINCE JUL 1      0.0                       0.0    0.0      0.0
  SNOW DEPTH       0

DEGREE DAYS
 HEATING
  TODAY            2                         7     -5        3
  MONTH TO DATE    2                        33    -31        7
  SINCE SEP 1     44                       110    -66       34
  SINCE JUL 1     44                       114    -70       34

 COOLING
  TODAY            0                         1     -1        0
  MONTH TO DATE   17                         9      8        2
  SINCE SEP 1    240                       152     88      184
  SINCE JAN 1   1530                      1258    272     1446
...................................................................


WIND (MPH)
  HIGHEST WIND SPEED    17   HIGHEST WIND DIRECTION     N (340)
  HIGHEST GUST SPEED    24   HIGHEST GUST DIRECTION     N (350)
  AVERAGE WIND SPEED     7.0


SKY COVER
  POSSIBLE SUNSHINE  MM
  AVERAGE SKY COVER 0.3


WEATHER CONDITIONS
THE FOLLOWING WEATHER WAS RECORDED TODAY.
  LIGHT RAIN
  FOG
  HAZE

..........................................................


THE LINCOLN NE CLIMATE NORMALS FOR TOMORROW
                         NORMAL    RECORD    YEAR
 MAXIMUM TEMPERATURE (F)   72        93      1963
 MINIMUM TEMPERATURE (F)   45        24      2000


SUNRISE AND SUNSET
OCTOBER  5 2022.......SUNRISE   728 AM CDT   SUNSET   702 PM CDT
OCTOBER  6 2022.......SUNRISE   729 AM CDT   SUNSET   701 PM CDT


-  INDICATES NEGATIVE NUMBERS.
R  INDICATES RECORD WAS SET OR TIED.
MM INDICATES DATA IS MISSING.
T  INDICATES TRACE AMOUNT.




$$
