000
CDUS43 KLOT 260642
CLILOT

CLIMATE REPORT
NATIONAL WEATHER SERVICE CHICAGO IL
142 AM CDT MON SEP 26 2022

...................................

...THE ROMEOVILLE WFO CLIMATE SUMMARY FOR SEPTEMBER 25 2022...

CLIMATE NORMAL PERIOD: 1991 TO 2020
CLIMATE RECORD PERIOD: 1992 TO 2022


WEATHER ITEM   OBSERVED RECORD YEAR NORMAL DEPARTURE LAST
                VALUE   VALUE       VALUE  FROM      YEAR
                                           NORMAL
............................................................
TEMPERATURE (F)
 YESTERDAY
  MAXIMUM         65     91    2017  73     -8       70
  MINIMUM         51     39    2001  52     -1       47
  AVERAGE         58                 62     -4       59

PRECIPITATION (IN)
  YESTERDAY        T      1.07 1993   0.11  -0.11     0.01
  MONTH TO DATE    2.59               2.80  -0.21     1.03
  SINCE SEP 1      2.59               2.80  -0.21     1.03
  SINCE JAN 1     31.21              32.14  -0.93    22.49

SNOWFALL (IN)
  YESTERDAY        0.0   MM      MM   0.0    0.0      0.0
  MONTH TO DATE    0.0                0.0    0.0      0.0
  SINCE SEP 1      0.0                0.0    0.0      0.0
  SINCE JUL 1      0.0                0.0    0.0      0.0
  SNOW DEPTH       0

DEGREE DAYS
 HEATING
  YESTERDAY        7                  4      3        6
  MONTH TO DATE   40                 54    -14       19
  SINCE SEP 1     40                 54    -14       19
  SINCE JUL 1     40                 60    -20       19

 COOLING
  YESTERDAY        0                  2     -2        0
  MONTH TO DATE  127                 98     29      136
  SINCE SEP 1    127                 98     29      136
  SINCE JAN 1    994                923     71     1098
............................................................


THE ROMEOVILLE WFO CLIMATE NORMALS FOR TODAY
                         NORMAL    RECORD    YEAR
 MAXIMUM TEMPERATURE (F)   73        93      1998
 MINIMUM TEMPERATURE (F)   51        37      2000


SUNRISE AND SUNSET
SEPTEMBER 26 2022.....SUNRISE   6:44 AM CDT   SUNSET   6:43 PM CDT
SEPTEMBER 27 2022.....SUNRISE   6:45 AM CDT   SUNSET   6:41 PM CDT


-  INDICATES NEGATIVE NUMBERS.
R  INDICATES RECORD WAS SET OR TIED.
MM INDICATES DATA IS MISSING.
T  INDICATES TRACE AMOUNT.




$$
