000
CDUS43 KJKL 290526
CLILOZ

CLIMATE REPORT
NATIONAL WEATHER SERVICE JACKSON KY
135 AM EDT THU SEP 29 2022

...................................

...THE LONDON KY CLIMATE SUMMARY FOR SEPTEMBER 28 2022...

CLIMATE NORMAL PERIOD 1991 TO 2020
CLIMATE RECORD PERIOD 1954 TO 2022

WEATHER ITEM   OBSERVED TIME   RECORD YEAR NORMAL DEPARTURE LAST
                VALUE   (LST)  VALUE       VALUE  FROM      YEAR
                                                  NORMAL
...................................................................
TEMPERATURE (F)
 YESTERDAY
  MAXIMUM         62   1222 PM  91    2019  76    -14       81
  MINIMUM         38R   702 AM  38    1985  53    -15       58
  AVERAGE         50                        64    -14       70

PRECIPITATION (IN)
  YESTERDAY        0.00          1.27 2020   0.13  -0.13     0.00
  MONTH TO DATE    2.09                      3.29  -1.20     2.58
  SINCE SEP 1      2.09                      3.29  -1.20     2.58
  SINCE JAN 1     38.25                     39.65  -1.40    45.65

SNOWFALL (IN)
  YESTERDAY       MM
  MONTH TO DATE   MM
  SINCE SEP 1     MM
  SINCE JUL 1     MM
  SNOW DEPTH      MM

DEGREE DAYS
 HEATING
  YESTERDAY       15                         3     12        0
  MONTH TO DATE   41                        29     12       29
  SINCE SEP 1     41                        29     12       29

 COOLING
  YESTERDAY        0                         3     -3        5
  MONTH TO DATE  129                       149    -20      132
  SINCE SEP 1    129                       149    -20      132
  SINCE JAN 1   1285                      1189     96     1172
...................................................................

WIND (MPH)
  HIGHEST WIND SPEED    20   HIGHEST WIND DIRECTION     N (340)
  HIGHEST GUST SPEED    27   HIGHEST GUST DIRECTION     N (340)
  AVERAGE WIND SPEED     6.1

SKY COVER
  POSSIBLE SUNSHINE  MM
  AVERAGE SKY COVER 0.3

WEATHER CONDITIONS
THE FOLLOWING WEATHER WAS RECORDED YESTERDAY.
  NO SIGNIFICANT WEATHER WAS OBSERVED.

RELATIVE HUMIDITY (PERCENT)
 HIGHEST    97           700 AM
 LOWEST     51          1200 PM
 AVERAGE    74

..........................................................

THE LONDON KY CLIMATE NORMALS FOR TODAY
                         NORMAL    RECORD    YEAR
 MAXIMUM TEMPERATURE (F)   76        92      2019
 MINIMUM TEMPERATURE (F)   52        37      1962

SUNRISE AND SUNSET
SEPTEMBER 29 2022.....SUNRISE   730 AM EDT   SUNSET   723 PM EDT
SEPTEMBER 30 2022.....SUNRISE   731 AM EDT   SUNSET   721 PM EDT

-  INDICATES NEGATIVE NUMBERS.
R  INDICATES RECORD WAS SET OR TIED.
MM INDICATES DATA IS MISSING.
T  INDICATES TRACE AMOUNT.

$$

GEERTSON
