000
CDUS44 KCRP 010727
CLILRD

CLIMATE REPORT
NATIONAL WEATHER SERVICE CORPUS CHRISTI TX
227 AM CDT SAT OCT 01 2022

...................................

...THE LAREDO CLIMATE SUMMARY FOR SEPTEMBER 30 2022...

CLIMATE NORMAL PERIOD 1991 TO 2020
CLIMATE RECORD PERIOD 1900 TO 2022


WEATHER ITEM   OBSERVED TIME   RECORD YEAR NORMAL DEPARTURE LAST
                VALUE   (LST)  VALUE       VALUE  FROM      YEAR
                                                  NORMAL
...................................................................
TEMPERATURE (F)
 YESTERDAY
  MAXIMUM         94        MM 100    1997  91      3       98
  MINIMUM         64        MM  49    1918  70     -6       75
  AVERAGE         79                        80     -1       87

PRECIPITATION (IN)
  YESTERDAY        0.00          1.25 1925   0.12  -0.12     0.00
  MONTH TO DATE    1.18                      3.64  -2.46     1.52
  SINCE SEP 1      1.18                      3.64  -2.46     1.52
  SINCE JAN 1     14.54                     17.49  -2.95    10.35

SNOWFALL (IN)
  YESTERDAY        0.0          MM      MM  MM     MM        0.0
  MONTH TO DATE    0.0                      MM     MM        0.0
  SINCE SEP 1      0.0                      MM     MM        0.0
  SINCE JUL 1      0.0                      MM     MM        0.0
  SNOW DEPTH      MM

DEGREE DAYS
 HEATING
  YESTERDAY        0                         0      0        0
  MONTH TO DATE    0                         0      0        0
  SINCE SEP 1      0                         0      0        0
  SINCE JUL 1      0                         0      0        0

 COOLING
  YESTERDAY       14                        16     -2       22
  MONTH TO DATE  554                       539     15      635
  SINCE SEP 1    554                       539     15      635
  SINCE JAN 1   4283                      3811    472     3931
...................................................................


WIND (MPH)
  HIGHEST WIND SPEED    MM   HIGHEST WIND DIRECTION    MM
  HIGHEST GUST SPEED    MM   HIGHEST GUST DIRECTION    MM
  AVERAGE WIND SPEED    MM


SKY COVER
  POSSIBLE SUNSHINE  MM
  AVERAGE SKY COVER 0.0


WEATHER CONDITIONS
THE FOLLOWING WEATHER WAS RECORDED YESTERDAY.
  HAZE


RELATIVE HUMIDITY (PERCENT)
 HIGHEST    75           700 AM
 LOWEST     29           400 PM
 AVERAGE    52

..........................................................


THE LAREDO CLIMATE NORMALS FOR TODAY
                         NORMAL    RECORD    YEAR
 MAXIMUM TEMPERATURE (F)   91       100      1977
 MINIMUM TEMPERATURE (F)   70        41      1908


SUNRISE AND SUNSET
OCTOBER  1 2022.......SUNRISE   731 AM CDT   SUNSET   724 PM CDT
OCTOBER  2 2022.......SUNRISE   731 AM CDT   SUNSET   723 PM CDT


-  INDICATES NEGATIVE NUMBERS.
R  INDICATES RECORD WAS SET OR TIED.
MM INDICATES DATA IS MISSING.
T  INDICATES TRACE AMOUNT.




$$
