000
CDUS43 KARX 020643
CLILSE

CLIMATE REPORT
NATIONAL WEATHER SERVICE LA CROSSE WI
143 AM CDT SUN OCT 02 2022

...................................

...THE LA CROSSE WI CLIMATE SUMMARY FOR OCTOBER 1 2022...

CLIMATE NORMAL PERIOD 1991 TO 2020
CLIMATE RECORD PERIOD 1872 TO 2022


WEATHER ITEM   OBSERVED TIME   RECORD YEAR NORMAL DEPARTURE LAST
                VALUE   (LST)  VALUE       VALUE  FROM      YEAR
                                                  NORMAL
...................................................................
TEMPERATURE (F)
 YESTERDAY
  MAXIMUM         73    303 PM  92    1976  69      4       85
  MINIMUM         48    523 AM  28    1974  48      0       62
                                      2003
  AVERAGE         61                        58      3       74

PRECIPITATION (IN)
  YESTERDAY        T             1.59 2019   0.10  -0.10      T
  MONTH TO DATE    T                         0.10  -0.10      T
  SINCE SEP 1      1.66                      3.73  -2.07     1.43
  SINCE JAN 1     24.44                     29.50  -5.06    32.91

SNOWFALL (IN)
  YESTERDAY        0.0           0.3  1999   0.0    0.0      0.0
  MONTH TO DATE    0.0                       0.0    0.0      0.0
  SINCE SEP 1      0.0                       0.0    0.0      0.0
  SINCE JUL 1      0.0                       0.0    0.0      0.0
  SNOW DEPTH       0

DEGREE DAYS
 HEATING
  YESTERDAY        4                         8     -4        0
  MONTH TO DATE    4                         8     -4        0
  SINCE SEP 1    107                       113     -6       27
  SINCE JUL 1    107                       124    -17       27

 COOLING
  YESTERDAY        0                         1     -1        9
  MONTH TO DATE    0                         1     -1        9
  SINCE SEP 1    118                       100     18      109
  SINCE JAN 1   1014                       931     83     1191
...................................................................


WIND (MPH)
  HIGHEST WIND SPEED    12   HIGHEST WIND DIRECTION    NW (320)
  HIGHEST GUST SPEED    14   HIGHEST GUST DIRECTION    NW (330)
  AVERAGE WIND SPEED     4.1


WEATHER CONDITIONS
THE FOLLOWING WEATHER WAS RECORDED YESTERDAY.
  LIGHT RAIN


RELATIVE HUMIDITY (PERCENT)
 HIGHEST    90          1200 AM
 LOWEST     46           300 PM
 AVERAGE    68

..........................................................


THE LA CROSSE WI CLIMATE NORMALS FOR TODAY
                         NORMAL    RECORD    YEAR
 MAXIMUM TEMPERATURE (F)   69        86      1953
 MINIMUM TEMPERATURE (F)   47        20      1974


SUNRISE AND SUNSET
OCTOBER  2 2022.......SUNRISE   704 AM CDT   SUNSET   644 PM CDT
OCTOBER  3 2022.......SUNRISE   705 AM CDT   SUNSET   642 PM CDT


-  INDICATES NEGATIVE NUMBERS.
R  INDICATES RECORD WAS SET OR TIED.
MM INDICATES DATA IS MISSING.
T  INDICATES TRACE AMOUNT.




$$
