000
CDUS46 KMTR 060037
CLILVK

CLIMATE REPORT
NATIONAL WEATHER SERVICE SAN FRANCISCO BAY AREA
537 PM PDT WED OCT 05 2022

...................................

...THE LIVERMORE AIRPORT CLIMATE SUMMARY FOR OCTOBER 5 2022...
VALID TODAY AS OF 0500 PM LOCAL TIME.

CLIMATE NORMAL PERIOD: 1991 TO 2020
CLIMATE RECORD PERIOD: 1930 TO 2022


WEATHER ITEM   OBSERVED TIME   RECORD YEAR NORMAL DEPARTURE LAST
                VALUE   (LST)  VALUE       VALUE  FROM      YEAR
                                                  NORMAL
...................................................................
TEMPERATURE (F)
 TODAY
  MAXIMUM         92   3:27 PM 100    1980  81     11       83
  MINIMUM         52   5:08 AM  37    1969  52      0       55
  AVERAGE         72                        67      5       69

PRECIPITATION (IN)
  TODAY            0.00          0.55 1994   0.02  -0.02     0.00
  MONTH TO DATE    0.00                      0.07  -0.07     0.00
  SINCE OCT 1      0.00                      0.07  -0.07     0.00
  SINCE JAN 1      2.05                     10.02  -7.97     4.16

DEGREE DAYS
 HEATING
  TODAY            0                         2     -2        0
  MONTH TO DATE    0                         6     -6        0
  SINCE SEP 1      2                        21    -19        1
  SINCE JUL 1      8                        28    -20        1

 COOLING
  TODAY            7                         3      4        4
  MONTH TO DATE   20                        17      3       36
  SINCE SEP 1    316                       187    129      253
  SINCE JAN 1   1121                       813    308     1085
...................................................................


WIND (MPH)
  RESULTANT WIND SPEED   1   RESULTANT WIND DIRECTION  SW (240)
  HIGHEST WIND SPEED    10   HIGHEST WIND DIRECTION     W (280)
  HIGHEST GUST SPEED    12   HIGHEST GUST DIRECTION     W (270)
  AVERAGE WIND SPEED     2.2


SKY COVER
  POSSIBLE SUNSHINE  MM
  AVERAGE SKY COVER 0.0


WEATHER CONDITIONS
THE FOLLOWING WEATHER WAS RECORDED TODAY.
  NO SIGNIFICANT WEATHER WAS OBSERVED.


RELATIVE HUMIDITY (PERCENT)
 HIGHEST    86           7:00 AM
 LOWEST     20           2:00 PM
 AVERAGE    53

..........................................................


THE LIVERMORE AIRPORT CLIMATE NORMALS FOR TOMORROW
                         NORMAL    RECORD    YEAR
 MAXIMUM TEMPERATURE (F)   81        99      2014
 MINIMUM TEMPERATURE (F)   52        37      1941


SUNRISE AND SUNSET
OCTOBER  5 2022.......SUNRISE   7:06 AM PDT   SUNSET   6:44 PM PDT
OCTOBER  6 2022.......SUNRISE   7:07 AM PDT   SUNSET   6:43 PM PDT


-  INDICATES NEGATIVE NUMBERS.
R  INDICATES RECORD WAS SET OR TIED.
MM INDICATES DATA IS MISSING.
T  INDICATES TRACE AMOUNT.




$$
