000
CDUS45 KBYZ 020930
CLILVM

CLIMATE REPORT
NATIONAL WEATHER SERVICE BILLINGS MT
330 AM MDT SUN OCT 02 2022

...................................

...THE LIVINGSTON MT CLIMATE SUMMARY FOR OCTOBER 1 2022...

CLIMATE NORMAL PERIOD 1991 TO 2020
CLIMATE RECORD PERIOD 1948 TO 2022


WEATHER ITEM   OBSERVED TIME   RECORD YEAR NORMAL DEPARTURE LAST
                VALUE   (LST)  VALUE       VALUE  FROM      YEAR
                                                  NORMAL
...................................................................
TEMPERATURE (F)
 YESTERDAY
  MAXIMUM         53    406 PM  91    2011  66    -13       75
  MINIMUM         48   1159 PM  10    1950  37     11       29
  AVERAGE         51                        52     -1       52

PRECIPITATION (IN)
  YESTERDAY        0.31          0.90 1989   0.05   0.26     0.00
  MONTH TO DATE    0.31                      0.05   0.26     0.00
  SINCE OCT 1      0.31                      0.05   0.26     0.00
  SINCE JAN 1     10.89                     12.12  -1.23     9.26

DEGREE DAYS
 HEATING
  YESTERDAY       14                        14      0       13
  MONTH TO DATE   14                        14      0       13
  SINCE SEP 1    159                       264   -105      190
  SINCE JUL 1    174                       361   -187      263

 COOLING
  YESTERDAY        0                         0      0        0
  MONTH TO DATE    0                         0      0        0
  SINCE SEP 1     64                        20     44       30
  SINCE JAN 1    481                       276    205      519
...................................................................


WIND (MPH)
  HIGHEST WIND SPEED    17   HIGHEST WIND DIRECTION     E (100)
  HIGHEST GUST SPEED    21   HIGHEST GUST DIRECTION     E (90)
  AVERAGE WIND SPEED     6.2


SKY COVER
  POSSIBLE SUNSHINE  MM
  AVERAGE SKY COVER 1.0


WEATHER CONDITIONS
THE FOLLOWING WEATHER WAS RECORDED YESTERDAY.
  RAIN
  LIGHT RAIN
  FOG


RELATIVE HUMIDITY (PERCENT)
 HIGHEST    93           800 AM
 LOWEST     77           100 AM
 AVERAGE    85

..........................................................


THE LIVINGSTON MT CLIMATE NORMALS FOR TODAY
                         NORMAL    RECORD    YEAR
 MAXIMUM TEMPERATURE (F)   65        86      2010
 MINIMUM TEMPERATURE (F)   37        15      1950


SUNRISE AND SUNSET
OCTOBER  2 2022.......SUNRISE   721 AM MDT   SUNSET   700 PM MDT
OCTOBER  3 2022.......SUNRISE   723 AM MDT   SUNSET   658 PM MDT


-  INDICATES NEGATIVE NUMBERS.
R  INDICATES RECORD WAS SET OR TIED.
MM INDICATES DATA IS MISSING.
T  INDICATES TRACE AMOUNT.




$$
