000
CDUS43 KTOP 060633
CLILWC

CLIMATE REPORT
NATIONAL WEATHER SERVICE TOPEKA KS
133 AM CDT THU OCT 06 2022

...................................

...THE LAWRENCE KS CLIMATE SUMMARY FOR OCTOBER 5 2022...

CLIMATE NORMAL PERIOD 1991 TO 2020
CLIMATE RECORD PERIOD 9999 TO 9999


WEATHER ITEM   OBSERVED NORMAL DEPARTURE LAST
                VALUE   VALUE  FROM      YEAR
                               NORMAL
................................................
TEMPERATURE (F)
 YESTERDAY
  MAXIMUM         85     74     11       80
  MINIMUM         50     48      2       48
  AVERAGE         68     61      7       64

PRECIPITATION (IN)
  YESTERDAY        T      0.11  -0.11     0.00
  MONTH TO DATE    T      0.56  -0.56     0.33
  SINCE SEP 1      0.27   4.13  -3.86     4.76
  SINCE JAN 1     22.32  30.03  -7.71    39.16

DEGREE DAYS
 HEATING
  YESTERDAY        0      6     -6        1
  MONTH TO DATE   11     27    -16        1
  SINCE SEP 1     42     84    -42       15
  SINCE JUL 1     42     86    -44       15

 COOLING
  YESTERDAY        3      2      1        0
  MONTH TO DATE    6     10     -4        6
  SINCE SEP 1    200    174     26      258
  SINCE JAN 1   1575   1440    135     1612
................................................


WIND (MPH)
  HIGHEST WIND SPEED    18   HIGHEST WIND DIRECTION    NW (320)
  HIGHEST GUST SPEED    25   HIGHEST GUST DIRECTION    NW (310)
  AVERAGE WIND SPEED     5.8


SKY COVER
  AVERAGE SKY COVER 0.5


WEATHER CONDITIONS
THE FOLLOWING WEATHER WAS RECORDED YESTERDAY.
  FOG
  HAZE


RELATIVE HUMIDITY (PERCENT)
 HIGHEST    83
 LOWEST     27
 AVERAGE    55

..........................................................


THE LAWRENCE KS CLIMATE NORMALS FOR TODAY
                         NORMAL    RECORD    YEAR
 MAXIMUM TEMPERATURE (F)   74        MM        MM
 MINIMUM TEMPERATURE (F)   48        MM        MM


SUNRISE AND SUNSET
OCTOBER  6 2022.......SUNRISE   722 AM CDT   SUNSET   656 PM CDT
OCTOBER  7 2022.......SUNRISE   723 AM CDT   SUNSET   654 PM CDT


-  INDICATES NEGATIVE NUMBERS.
R  INDICATES RECORD WAS SET OR TIED.
MM INDICATES DATA IS MISSING.
T  INDICATES TRACE AMOUNT.




$$
