000
CDUS46 KOTX 052345
CLILWS

CLIMATE REPORT
NATIONAL WEATHER SERVICE SPOKANE WA
445 PM PDT WED OCT 05 2022

...................................

...THE LEWISTON ID AIRPORT CLIMATE SUMMARY FOR OCTOBER 5 2022...
VALID AS OF 0400 PM LOCAL TIME.

CLIMATE NORMAL PERIOD 1991 TO 2020
CLIMATE RECORD PERIOD 1881 TO 2022


WEATHER ITEM   OBSERVED TIME   RECORD YEAR NORMAL DEPARTURE LAST
                VALUE   (LST)  VALUE       VALUE  FROM      YEAR
                                                  NORMAL
...................................................................
TEMPERATURE (F)
 TODAY
  MAXIMUM         80    259 PM  94    1943  70     10       79
  MINIMUM         53    638 AM  29    1916  46      7       52
  AVERAGE         67                        58      9       66

PRECIPITATION (IN)
  TODAY            0.00          0.50 1918   0.03  -0.03      T
  MONTH TO DATE    0.00                      0.14  -0.14      T
  SINCE OCT 1      0.00                      0.14  -0.14      T
  SINCE JAN 1     11.17                      9.57   1.60     4.20

SNOWFALL (IN)
  TODAY           MM             0.0  1995   0.0   MM        0.0
  MONTH TO DATE    0.0                       0.0    0.0      0.0
  SINCE SEP 1      0.0                       0.0    0.0      0.0
  SINCE JUL 1      0.0                       0.0    0.0      0.0
  SNOW DEPTH      MM

DEGREE DAYS
 HEATING
  TODAY            0                         8     -8        0
  MONTH TO DATE    2                        34    -32       15
  SINCE SEP 1     17                       110    -93       53
  SINCE JUL 1     17                       121   -104       55

 COOLING
  TODAY            2                         0      2        1
  MONTH TO DATE   10                         2      8        1
  SINCE SEP 1    148                       104     44       98
  SINCE JAN 1   1149                       910    239     1378
...................................................................


WIND (MPH)
  HIGHEST WIND SPEED     6   HIGHEST WIND DIRECTION    NW (320)
  HIGHEST GUST SPEED    11   HIGHEST GUST DIRECTION     E (90)
  AVERAGE WIND SPEED     2.4


SKY COVER
  POSSIBLE SUNSHINE  MM
  AVERAGE SKY COVER 0.0


WEATHER CONDITIONS
THE FOLLOWING WEATHER WAS RECORDED TODAY.
  NO SIGNIFICANT WEATHER WAS OBSERVED.


RELATIVE HUMIDITY (PERCENT)
 HIGHEST    80
 LOWEST     31
 AVERAGE    56

..........................................................


THE LEWISTON ID AIRPORT CLIMATE NORMALS FOR TOMORROW
                         NORMAL    RECORD    YEAR
 MAXIMUM TEMPERATURE (F)   69        89      1980
 MINIMUM TEMPERATURE (F)   45        29      1916


SUNRISE AND SUNSET
OCTOBER  5 2022.......SUNRISE   652 AM PDT   SUNSET   620 PM PDT
OCTOBER  6 2022.......SUNRISE   653 AM PDT   SUNSET   618 PM PDT


-  INDICATES NEGATIVE NUMBERS.
R  INDICATES RECORD WAS SET OR TIED.
MM INDICATES DATA IS MISSING.
T  INDICATES TRACE AMOUNT.




$$
