000
CDUS45 KTFX 052240
CLILWT

CLIMATE REPORT
NATIONAL WEATHER SERVICE GREAT FALLS MT
440 PM MDT WED OCT 05 2022

...................................

...THE LEWISTOWN MT CLIMATE SUMMARY FOR OCTOBER 5 2022...
VALID TODAY AS OF 0400 PM LOCAL TIME.

CLIMATE NORMAL PERIOD 1991 TO 2020
CLIMATE RECORD PERIOD 1896 TO 2022


WEATHER ITEM   OBSERVED TIME   RECORD YEAR NORMAL DEPARTURE LAST
                VALUE   (LST)  VALUE       VALUE  FROM      YEAR
                                                  NORMAL
...................................................................
TEMPERATURE (F)
 TODAY
  MAXIMUM         75    257 PM  87    1905  61     14       82
  MINIMUM         41    619 AM  12    1916  35      6       54
  AVERAGE         58                        48     10       68

PRECIPITATION (IN)
  TODAY            0.00          0.70 1908   0.04  -0.04     0.00
  MONTH TO DATE    0.44                      0.24   0.20      T
  SINCE OCT 1      0.44                      0.24   0.20      T
  SINCE JAN 1     14.36                     14.96  -0.60     9.15

DEGREE DAYS
 HEATING
  TODAY            7                        17    -10        0
  MONTH TO DATE   59                        80    -21       27
  SINCE SEP 1    219                       369   -150      230
  SINCE JUL 1    246                       515   -269      333

 COOLING
  TODAY            0                         0      0        3
  MONTH TO DATE    0                         0      0        3
  SINCE SEP 1     59                        18     41       18
  SINCE JAN 1    402                       228    174      461
...................................................................


WIND (MPH)
  HIGHEST WIND SPEED     8   HIGHEST WIND DIRECTION    SE (130)
  HIGHEST GUST SPEED    10   HIGHEST GUST DIRECTION     N (360)
  AVERAGE WIND SPEED     4.2


SKY COVER
  AVERAGE SKY COVER 0.0


WEATHER CONDITIONS
THE FOLLOWING WEATHER WAS RECORDED TODAY.
  NO SIGNIFICANT WEATHER WAS OBSERVED.


RELATIVE HUMIDITY (PERCENT)
 HIGHEST    79
 LOWEST     27
 AVERAGE    53

..........................................................


THE LEWISTOWN MT CLIMATE NORMALS FOR TOMORROW
                         NORMAL    RECORD    YEAR
 MAXIMUM TEMPERATURE (F)   61        83      1934
 MINIMUM TEMPERATURE (F)   35        15      1941
                                             1952


SUNRISE AND SUNSET
OCTOBER  5 2022.......SUNRISE   722 AM MDT   SUNSET   649 PM MDT
OCTOBER  6 2022.......SUNRISE   724 AM MDT   SUNSET   647 PM MDT


-  INDICATES NEGATIVE NUMBERS.
R  INDICATES RECORD WAS SET OR TIED.
MM INDICATES DATA IS MISSING.
T  INDICATES TRACE AMOUNT.




$$
