000
CDUS43 KILX 260629
CLILWV

CLIMATE REPORT
NATIONAL WEATHER SERVICE LINCOLN IL
129 AM CDT MON SEP 26 2022

...................................

...THE LAWRENCEVILLE IL AIRPORT CLIMATE SUMMARY FOR SEPTEMBER 25 2022...

CLIMATE NORMAL PERIOD 1991 TO 2020
CLIMATE RECORD PERIOD 9999 TO 9999


WEATHER ITEM   OBSERVED TIME   RECORD YEAR NORMAL DEPARTURE LAST
                VALUE   (LST)  VALUE       VALUE  FROM      YEAR
                                                  NORMAL
...................................................................
TEMPERATURE (F)
 YESTERDAY
  MAXIMUM         79    303 PM  MM      MM  79      0       75
  MINIMUM         58   1251 AM  MM      MM  54      4       51
  AVERAGE         69                        66      3       63

PRECIPITATION (IN)
  YESTERDAY        T            MM      MM   0.10  -0.10     0.10
  MONTH TO DATE    1.50                      2.41  -0.91     2.62
  SINCE SEP 1      1.50                      2.41  -0.91     2.62
  SINCE JAN 1     26.46                     31.52  -5.06    30.66

DEGREE DAYS
 HEATING
  YESTERDAY        0                         2     -2        2
  MONTH TO DATE   11                        21    -10       17
  SINCE SEP 1     11                        21    -10       17
  SINCE JUL 1     11                        22    -11       17

 COOLING
  YESTERDAY        4                         4      0        0
  MONTH TO DATE  197                       151     46      180
  SINCE SEP 1    197                       151     46      180
  SINCE JAN 1   1534                      1327    207     1421
...................................................................


WIND (MPH)
  HIGHEST WIND SPEED    29   HIGHEST WIND DIRECTION    NW (300)
  HIGHEST GUST SPEED    36   HIGHEST GUST DIRECTION     W (290)
  AVERAGE WIND SPEED    11.1


SKY COVER
  POSSIBLE SUNSHINE  MM
  AVERAGE SKY COVER 0.2


WEATHER CONDITIONS
THE FOLLOWING WEATHER WAS RECORDED YESTERDAY.
  THUNDERSTORM


RELATIVE HUMIDITY (PERCENT)
 HIGHEST    93          1200 AM
 LOWEST     36           100 PM
 AVERAGE    65

..........................................................


THE LAWRENCEVILLE IL AIRPORT CLIMATE NORMALS FOR TODAY
                         NORMAL    RECORD    YEAR
 MAXIMUM TEMPERATURE (F)   78        MM        MM
 MINIMUM TEMPERATURE (F)   53        MM        MM


SUNRISE AND SUNSET
SEPTEMBER 26 2022.....SUNRISE   642 AM CDT   SUNSET   641 PM CDT
SEPTEMBER 27 2022.....SUNRISE   643 AM CDT   SUNSET   639 PM CDT


-  INDICATES NEGATIVE NUMBERS.
R  INDICATES RECORD WAS SET OR TIED.
MM INDICATES DATA IS MISSING.
T  INDICATES TRACE AMOUNT.




$$
