000
CDUS41 KRNK 260705
CLILYH

CLIMATE REPORT
NATIONAL WEATHER SERVICE BLACKSBURG, VA
305 AM EDT MON SEP 26 2022

...................................

...THE LYNCHBURG VA CLIMATE SUMMARY FOR SEPTEMBER 25 2022...

CLIMATE NORMAL PERIOD: 1991 TO 2020
CLIMATE RECORD PERIOD: 1893 TO 2022


WEATHER ITEM   OBSERVED TIME   RECORD YEAR NORMAL DEPARTURE LAST
                VALUE   (LST)  VALUE       VALUE  FROM      YEAR
                                                  NORMAL
...................................................................
TEMPERATURE (F)
 YESTERDAY
  MAXIMUM         82   1:12 PM  98    1933  76      6       77
  MINIMUM         52   5:57 AM  39    1928  54     -2       47
                                      1981
                                      1990
  AVERAGE         67                        65      2       62

PRECIPITATION (IN)
  YESTERDAY        0.09          1.71 2000   0.13  -0.04     0.00
  MONTH TO DATE    0.97                      3.24  -2.27     2.62
  SINCE SEP 1      0.97                      3.24  -2.27     2.62
  SINCE JAN 1     34.17                     32.03   2.14    28.44

SNOWFALL (IN)
  YESTERDAY        0.0                       0.0    0.0      0.0
  MONTH TO DATE    0.0                       0.0    0.0      0.0
  SINCE SEP 1      0.0                       0.0    0.0      0.0
  SINCE JUL 1      0.0                       0.0    0.0      0.0
  SNOW DEPTH       0

DEGREE DAYS
 HEATING
  YESTERDAY        0                         3     -3        3
  MONTH TO DATE    3                        26    -23       13
  SINCE SEP 1      3                        26    -23       13
  SINCE JUL 1      3                        28    -25       13

 COOLING
  YESTERDAY        2                         3     -1        0
  MONTH TO DATE  182                       125     57      177
  SINCE SEP 1    182                       125     57      177
  SINCE JAN 1   1513                      1084    429     1465
...................................................................


WIND (MPH)
  RESULTANT WIND SPEED   5   RESULTANT WIND DIRECTION  SW (210)
  HIGHEST WIND SPEED    14   HIGHEST WIND DIRECTION    SW (230)
  HIGHEST GUST SPEED    22   HIGHEST GUST DIRECTION    NW (300)
  AVERAGE WIND SPEED     5.0


SKY COVER
  AVERAGE SKY COVER 0.3


WEATHER CONDITIONS
THE FOLLOWING WEATHER WAS RECORDED YESTERDAY.
  THUNDERSTORM
  LIGHT RAIN


RELATIVE HUMIDITY (PERCENT)
 HIGHEST    93           9:00 PM
 LOWEST     47           1:00 PM
 AVERAGE    70

..........................................................


THE LYNCHBURG VA CLIMATE NORMALS FOR TODAY
                         NORMAL    RECORD    YEAR
 MAXIMUM TEMPERATURE (F)   76        98      1933
 MINIMUM TEMPERATURE (F)   53        35      2001


SUNRISE AND SUNSET
SEPTEMBER 26 2022.....SUNRISE   7:08 AM EDT   SUNSET   7:08 PM EDT
SEPTEMBER 27 2022.....SUNRISE   7:09 AM EDT   SUNSET   7:06 PM EDT


-  INDICATES NEGATIVE NUMBERS.
R  INDICATES RECORD WAS SET OR TIED.
MM INDICATES DATA IS MISSING.
T  INDICATES TRACE AMOUNT.




$$
