000
CDUS44 KLZK 010633
CLILZK

CLIMATE REPORT
NATIONAL WEATHER SERVICE LITTLE ROCK AR
133 AM CDT SAT OCT 01 2022

...................................

...THE NORTH LITTLE ROCK CLIMATE SUMMARY FOR SEPTEMBER 30 2022...

CLIMATE NORMAL PERIOD 1991 TO 2020
CLIMATE RECORD PERIOD 1975 TO 2022


WEATHER ITEM   OBSERVED TIME   RECORD YEAR NORMAL DEPARTURE LAST
                VALUE   (LST)  VALUE       VALUE  FROM      YEAR
                                                  NORMAL
...................................................................
TEMPERATURE (F)
 YESTERDAY
  MAXIMUM         80        MM  95    1998  79      1       81
  MINIMUM         52        MM  44    1984  59     -7       69
  AVERAGE         66                        69     -3       75

PRECIPITATION (IN)
  YESTERDAY        0.00          1.05 1988   0.11  -0.11     0.42
  MONTH TO DATE    1.06                      3.05  -1.99     1.86
  SINCE SEP 1      1.06                      3.05  -1.99     1.86
  SINCE JAN 1     33.05                     37.44  -4.39    35.11

SNOWFALL (IN)
  YESTERDAY        0.0          MM      MM   0.0    0.0      0.0
  MONTH TO DATE    0.0                       0.0    0.0      0.0
  SINCE SEP 1      0.0                       0.0    0.0      0.0
  SINCE JUL 1      0.0                       0.0    0.0      0.0
  SNOW DEPTH       0

DEGREE DAYS
 HEATING
  YESTERDAY        0                         1     -1        0
  MONTH TO DATE    3                         9     -6        0
  SINCE SEP 1      3                         9     -6        0
  SINCE JUL 1      3                         9     -6        0

 COOLING
  YESTERDAY        1                         5     -4       10
  MONTH TO DATE  340                       279     61      336
  SINCE SEP 1    340                       279     61      336
  SINCE JAN 1   2198                      1923    275     1893
...................................................................


WIND (MPH)
  HIGHEST WIND SPEED    MM   HIGHEST WIND DIRECTION    MM
  HIGHEST GUST SPEED    MM   HIGHEST GUST DIRECTION    MM
  AVERAGE WIND SPEED    MM


SKY COVER
  POSSIBLE SUNSHINE  MM
  AVERAGE SKY COVER  MM


WEATHER CONDITIONS
THE FOLLOWING WEATHER WAS RECORDED YESTERDAY.
  HAZE


RELATIVE HUMIDITY (PERCENT)
 HIGHEST    MM
 LOWEST     MM
 AVERAGE    MM

..........................................................


THE NORTH LITTLE ROCK CLIMATE NORMALS FOR TODAY
                         NORMAL    RECORD    YEAR
 MAXIMUM TEMPERATURE (F)   79        92      1979
                                             2019
 MINIMUM TEMPERATURE (F)   59        42      1984
                                             1985


SUNRISE AND SUNSET
OCTOBER  1 2022.......SUNRISE   704 AM CDT   SUNSET   653 PM CDT
OCTOBER  2 2022.......SUNRISE   705 AM CDT   SUNSET   652 PM CDT


-  INDICATES NEGATIVE NUMBERS.
R  INDICATES RECORD WAS SET OR TIED.
MM INDICATES DATA IS MISSING.
T  INDICATES TRACE AMOUNT.




$$
