000
CDUS46 KHNX 290828
CLIMAE

CLIMATE REPORT
NATIONAL WEATHER SERVICE
128 AM PDT THU SEP 29 2022

...................................

...THE MADERA CA AIRPORT CLIMATE SUMMARY FOR SEPTEMBER 28 2022...

CLIMATE NORMAL PERIOD 1991 TO 2020
CLIMATE RECORD PERIOD 1898 TO 2022


WEATHER ITEM   OBSERVED TIME   RECORD YEAR NORMAL DEPARTURE LAST
                VALUE   (LST)  VALUE       VALUE  FROM      YEAR
                                                  NORMAL
...................................................................
TEMPERATURE (F)
 YESTERDAY
  MAXIMUM         94    348 PM 101    1963  88      6       78
                                      2010
  MINIMUM         54    633 AM  40    1928  55     -1       50
                                      1945
  AVERAGE         74                        71      3       64

PRECIPITATION (IN)
  YESTERDAY        0.00          0.03 2014   0.01  -0.01     0.00
  MONTH TO DATE    0.54                      0.03   0.51      T
  SINCE OCT 1        MM                     10.79     MM      MM
  SINCE JAN 1        MM                      7.61     MM      MM

SNOWFALL (IN)
  YESTERDAY        0.0          MM      MM  MM
  MONTH TO DATE    0.0                       0.0
  SINCE SEP 1      0.0                       0.0
  SINCE JUL 1      0.0                      MM

DEGREE DAYS
 HEATING
  YESTERDAY        0                         0      0        1
  MONTH TO DATE    0                         0      0        1
  SINCE SEP 1      0                         0      0        1
  SINCE JUL 1      0                         0      0        1

 COOLING
  YESTERDAY        9                         7      2        0
  MONTH TO DATE  386                       284    102      311
  SINCE SEP 1    386                       284    102      311
  SINCE JAN 1   1911                      1661    250     1909
...................................................................


WIND (MPH)
  RESULTANT WIND SPEED   6   RESULTANT WIND DIRECTION  NW (310)
  HIGHEST WIND SPEED    16   HIGHEST WIND DIRECTION    NW (320)
  HIGHEST GUST SPEED    21   HIGHEST GUST DIRECTION    NW (320)
  AVERAGE WIND SPEED     7.2


RELATIVE HUMIDITY (PERCENT)
 HIGHEST    87
 LOWEST     17
 AVERAGE    52

..........................................................


THE MADERA CA AIRPORT CLIMATE NORMALS FOR TODAY
                         NORMAL    RECORD    YEAR
 MAXIMUM TEMPERATURE (F)   87       102      2020
 MINIMUM TEMPERATURE (F)   55        40      1982


SUNRISE AND SUNSET
SEPTEMBER 29 2022.....SUNRISE   654 AM PDT   SUNSET   647 PM PDT
SEPTEMBER 30 2022.....SUNRISE   655 AM PDT   SUNSET   645 PM PDT


-  INDICATES NEGATIVE NUMBERS.
R  INDICATES RECORD WAS SET OR TIED.
MM INDICATES DATA IS MISSING.
T  INDICATES TRACE AMOUNT.




$$
