000
CDUS44 KMAF 052123
CLIMAF

CLIMATE REPORT
NATIONAL WEATHER SERVICE MIDLAND/ODESSA TX
423 PM CDT WED OCT 05 2022

...................................

...THE MIDLAND INTERNATIONAL AIRPORT CLIMATE SUMMARY FOR OCTOBER 5 2022...
VALID TODAY AS OF 0400 PM LOCAL TIME.

CLIMATE NORMAL PERIOD 1991 TO 2020
CLIMATE RECORD PERIOD 1930 TO 2022


WEATHER ITEM   OBSERVED TIME   RECORD YEAR NORMAL DEPARTURE LAST
                VALUE   (LST)  VALUE       VALUE  FROM      YEAR
                                                  NORMAL
...................................................................
TEMPERATURE (F)
 TODAY
  MAXIMUM         83    305 PM  98    1937  83      0       91
  MINIMUM         61    700 AM  36    1932  59      2       58
  AVERAGE         72                        71      1       75

PRECIPITATION (IN)
  TODAY            0.00          1.16 2005   0.04  -0.04     0.00
  MONTH TO DATE    0.00                      0.25  -0.25     0.05
  SINCE SEP 1      0.64                      1.91  -1.27     0.16
  SINCE JAN 1      6.93                     11.24  -4.31    13.72

SNOWFALL (IN)
  TODAY            0.0
  MONTH TO DATE    0.0
  SINCE SEP 1      0.0
  SINCE JUL 1      0.0
  SNOW DEPTH       0

DEGREE DAYS
 HEATING
  TODAY            0                         1     -1        0
  MONTH TO DATE    0                         5     -5        0
  SINCE SEP 1      0                        12    -12        0
  SINCE JUL 1      0                        12    -12        0

 COOLING
  TODAY            7                         6      1       10
  MONTH TO DATE   32                        34     -2       28
  SINCE SEP 1    372                       377     -5      414
  SINCE JAN 1   2820                      2564    256     2114
...................................................................


WIND (MPH)
  HIGHEST WIND SPEED    18   HIGHEST WIND DIRECTION    SE (140)
  HIGHEST GUST SPEED    24   HIGHEST GUST DIRECTION     S (160)
  AVERAGE WIND SPEED     8.0


SKY COVER
  POSSIBLE SUNSHINE  MM
  AVERAGE SKY COVER 0.1


WEATHER CONDITIONS
THE FOLLOWING WEATHER WAS RECORDED TODAY.
  NO SIGNIFICANT WEATHER WAS OBSERVED.


RELATIVE HUMIDITY (PERCENT)
 HIGHEST    65           500 AM
 LOWEST     28           300 PM
 AVERAGE    47

..........................................................


THE MIDLAND INTERNATIONAL AIRPORT CLIMATE NORMALS FOR TOMORROW
                         NORMAL    RECORD    YEAR
 MAXIMUM TEMPERATURE (F)   83        96      1931
                                             1937
                                             2019
 MINIMUM TEMPERATURE (F)   58        41      1932


SUNRISE AND SUNSET
OCTOBER  5 2022.......SUNRISE   745 AM CDT   SUNSET   728 PM CDT
OCTOBER  6 2022.......SUNRISE   746 AM CDT   SUNSET   727 PM CDT


-  INDICATES NEGATIVE NUMBERS.
R  INDICATES RECORD WAS SET OR TIED.
MM INDICATES DATA IS MISSING.
T  INDICATES TRACE AMOUNT.




$$
