000
CDUS42 KTAE 052133
CLIMAI

CLIMATE REPORT
NATIONAL WEATHER SERVICE TALLAHASSEE FL
533 PM EDT WED OCT 05 2022

...................................

...THE MARIANNA CLIMATE SUMMARY FOR OCTOBER 5 2022...
VALID TODAY AS OF 0500 PM LOCAL TIME.

CLIMATE NORMAL PERIOD 1991 TO 2020
CLIMATE RECORD PERIOD 1950 TO 2022


WEATHER ITEM   OBSERVED TIME   NORMAL DEPARTURE LAST
                VALUE   (LST)  VALUE  FROM      YEAR
                                      NORMAL
.......................................................
TEMPERATURE (F)
 TODAY
  MAXIMUM         85    231 PM  85      0       76
  MINIMUM         51    621 AM  63    -12       70
  AVERAGE         68            74     -6       73

PRECIPITATION (IN)
  TODAY            0.00          0.12  -0.12     1.01
  MONTH TO DATE    0.00          0.54  -0.54     1.49
  SINCE SEP 1      0.96          4.60  -3.64     6.45
  SINCE JAN 1     44.92         40.11   4.81    53.92

SNOWFALL (IN)
  TODAY            0.0

DEGREE DAYS
 HEATING
  TODAY            0                    0
  MONTH TO DATE    0                    0
  SINCE SEP 1      0                    0
  SINCE JUL 1      0                    0

 COOLING
  TODAY            3                   -6
  MONTH TO DATE   20                  -28
  SINCE SEP 1    401                  -57
  SINCE JAN 1   2545                  -20
.......................................................


WIND (MPH)
  HIGHEST WIND SPEED    13   HIGHEST WIND DIRECTION     N (340)
  HIGHEST GUST SPEED    17   HIGHEST GUST DIRECTION     W (280)
  AVERAGE WIND SPEED     2.7


RELATIVE HUMIDITY (PERCENT)
 HIGHEST    93
 LOWEST     32
 AVERAGE    63

..........................................................


THE MARIANNA CLIMATE NORMALS FOR TOMORROW
                         NORMAL




SUNRISE AND SUNSET
OCTOBER  5 2022.......SUNRISE   637 AM CDT   SUNSET   621 PM CDT
OCTOBER  6 2022.......SUNRISE   637 AM CDT   SUNSET   620 PM CDT


-  INDICATES NEGATIVE NUMBERS.
R  INDICATES RECORD WAS SET OR TIED.
MM INDICATES DATA IS MISSING.
T  INDICATES TRACE AMOUNT.




$$
