000
CDUS43 KABR 010700
CLIMBG

CLIMATE REPORT
NATIONAL WEATHER SERVICE ABERDEEN SD
200 AM CDT SAT OCT 01 2022

...................................

...THE MOBRIDGE SD CLIMATE SUMMARY FOR SEPTEMBER 30 2022...

CLIMATE NORMAL PERIOD 1991 TO 2020
CLIMATE RECORD PERIOD 1911 TO 2022


WEATHER ITEM   OBSERVED TIME   RECORD YEAR NORMAL DEPARTURE LAST
                VALUE   (LST)  VALUE       VALUE  FROM      YEAR
                                                  NORMAL
...................................................................
TEMPERATURE (F)
 YESTERDAY
  MAXIMUM         84    249 PM  92    1989  70     14       69
  MINIMUM         59    705 AM  24    1939  44     15       56
  AVERAGE         72                        57     15       63

PRECIPITATION (IN)
  YESTERDAY        T             0.38 1983   0.05  -0.05     0.10
  MONTH TO DATE    1.16                      1.52  -0.36     1.21
  SINCE SEP 1      1.16                      1.52  -0.36     1.21
  SINCE JAN 1     15.15                     15.24  -0.09    11.56

SNOWFALL (IN)
  YESTERDAY        0.0           0.0    MM   0.0    0.0      0.0
  MONTH TO DATE    0.0                       0.0    0.0      0.0
  SINCE OCT 1      9.4                      31.0  -21.6     17.2
  SINCE JUL 1      0.0                       0.0    0.0      0.0
  SNOW DEPTH       0

DEGREE DAYS
 HEATING
  YESTERDAY        0                         9     -9        2
  MONTH TO DATE   67                       138    -71       51
  SINCE SEP 1     67                       138    -71       51
  SINCE JUL 1     67                       157    -90       52

 COOLING
  YESTERDAY        7                         1      6        0
  MONTH TO DATE  137                        84     53       70
  SINCE SEP 1    137                        84     53       70
  SINCE JAN 1    960                       805    155     1117
...................................................................


WIND (MPH)
  HIGHEST WIND SPEED    22   HIGHEST WIND DIRECTION     E (90)
  HIGHEST GUST SPEED    30   HIGHEST GUST DIRECTION     E (90)
  AVERAGE WIND SPEED    13.4


SKY COVER
  AVERAGE SKY COVER 0.1


WEATHER CONDITIONS
THE FOLLOWING WEATHER WAS RECORDED YESTERDAY.
  NO SIGNIFICANT WEATHER WAS OBSERVED.


RELATIVE HUMIDITY (PERCENT)
 HIGHEST    64           800 AM
 LOWEST     28           300 PM
 AVERAGE    46

..........................................................


THE MOBRIDGE SD CLIMATE NORMALS FOR TODAY
                         NORMAL    RECORD    YEAR
 MAXIMUM TEMPERATURE (F)   69        95      1953
 MINIMUM TEMPERATURE (F)   44        23      1936


SUNRISE AND SUNSET
OCTOBER  1 2022.......SUNRISE   740 AM CDT   SUNSET   722 PM CDT
OCTOBER  2 2022.......SUNRISE   741 AM CDT   SUNSET   720 PM CDT


-  INDICATES NEGATIVE NUMBERS.
R  INDICATES RECORD WAS SET OR TIED.
MM INDICATES DATA IS MISSING.
T  INDICATES TRACE AMOUNT.




$$
