000
CDUS43 KDTX 290542
CLIMBS

CLIMATE REPORT
NATIONAL WEATHER SERVICE DETROIT/PONTIAC MI
142 AM EDT THU SEP 29 2022

...................................

...THE TRI CITIES MI CLIMATE SUMMARY FOR SEPTEMBER 28 2022...

CLIMATE NORMAL PERIOD 1991 TO 2020
CLIMATE RECORD PERIOD 1912 TO 2022


WEATHER ITEM   OBSERVED TIME   RECORD YEAR NORMAL DEPARTURE LAST
                VALUE   (LST)  VALUE       VALUE  FROM      YEAR
                                                  NORMAL
...................................................................
TEMPERATURE (F)
 YESTERDAY
  MAXIMUM         55    306 PM  86    1946  69    -14       67
  MINIMUM         45    722 AM  27    1991  47     -2       47
  AVERAGE         50                        58     -8       57

PRECIPITATION (IN)
  YESTERDAY        0.00          3.14 1999   0.09  -0.09     0.00
  MONTH TO DATE    2.44                      2.63  -0.19     4.52
  SINCE SEP 1      2.44                      2.63  -0.19     4.52
  SINCE JAN 1     22.60                     24.90  -2.30    23.57

SNOWFALL (IN)
  YESTERDAY        0.0           0.0    MM   0.0    0.0      0.0
  MONTH TO DATE    0.0                       0.0    0.0      0.0
  SINCE SEP 1      0.0                       0.0    0.0      0.0
  SINCE JUL 1      0.0                       0.0    0.0      0.0
  SNOW DEPTH       0

DEGREE DAYS
 HEATING
  YESTERDAY       15                         8      7        8
  MONTH TO DATE   98                       120    -22       61
  SINCE SEP 1     98                       120    -22       61
  SINCE JUL 1    103                       148    -45       63

 COOLING
  YESTERDAY        0                         1     -1        0
  MONTH TO DATE   77                        59     18       40
  SINCE SEP 1     77                        59     18       40
  SINCE JAN 1    724                       624    100      804
...................................................................


WIND (MPH)
  HIGHEST WIND SPEED    18   HIGHEST WIND DIRECTION     N (340)
  HIGHEST GUST SPEED    24   HIGHEST GUST DIRECTION     N (350)
  AVERAGE WIND SPEED     8.9


WEATHER CONDITIONS
THE FOLLOWING WEATHER WAS RECORDED YESTERDAY.
  NO SIGNIFICANT WEATHER WAS OBSERVED.


RELATIVE HUMIDITY (PERCENT)
 HIGHEST    86          1200 AM
 LOWEST     64           300 PM
 AVERAGE    75

..........................................................


THE TRI CITIES MI CLIMATE NORMALS FOR TODAY
                         NORMAL    RECORD    YEAR
 MAXIMUM TEMPERATURE (F)   68        88      1921
 MINIMUM TEMPERATURE (F)   47        27      1942


SUNRISE AND SUNSET
SEPTEMBER 29 2022.....SUNRISE   732 AM EDT   SUNSET   721 PM EDT
SEPTEMBER 30 2022.....SUNRISE   733 AM EDT   SUNSET   719 PM EDT


-  INDICATES NEGATIVE NUMBERS.
R  INDICATES RECORD WAS SET OR TIED.
MM INDICATES DATA IS MISSING.
T  INDICATES TRACE AMOUNT.




$$
