000
CDUS46 KHNX 260823
CLIMCE

CLIMATE REPORT
NATIONAL WEATHER SERVICE
123 AM PDT MON SEP 26 2022

...................................

...THE MERCED CA AIRPORT CLIMATE SUMMARY FOR SEPTEMBER 25 2022...

CLIMATE NORMAL PERIOD 1991 TO 2020
CLIMATE RECORD PERIOD 1928 TO 2022


WEATHER ITEM   OBSERVED TIME   RECORD YEAR NORMAL DEPARTURE LAST
                VALUE   (LST)  VALUE       VALUE  FROM      YEAR
                                                  NORMAL
...................................................................
TEMPERATURE (F)
 YESTERDAY
  MAXIMUM         97    339 PM 102    1975  88      9       94
  MINIMUM         61    545 AM  40    1948  55      6       60
  AVERAGE         79                        71      8       77

PRECIPITATION (IN)
  YESTERDAY        0.00          0.32 1939   0.00   0.00     0.00
  MONTH TO DATE    0.20                      0.03   0.17     0.00
  SINCE OCT 1      7.64                     11.78  -4.14     7.00
  SINCE JAN 1      1.85                      8.21  -6.36     4.72

SNOWFALL (IN)
  YESTERDAY        0.0          MM      MM  MM
  MONTH TO DATE    0.0                       0.0
  SINCE SEP 1      0.0                       0.0
  SINCE JUL 1      0.0                      MM

DEGREE DAYS
 HEATING
  YESTERDAY        0                         0      0        0
  MONTH TO DATE    0                         0      0        0
  SINCE SEP 1      0                         0      0        0
  SINCE JUL 1      0                         0      0        0

 COOLING
  YESTERDAY       14                         7      7       12
  MONTH TO DATE  362                       231    131      309
  SINCE SEP 1    362                       231    131      309
  SINCE JAN 1   1973                      1487    486     1918
...................................................................


WIND (MPH)
  RESULTANT WIND SPEED   4   RESULTANT WIND DIRECTION  NW (330)
  HIGHEST WIND SPEED    12   HIGHEST WIND DIRECTION    NW (320)
  HIGHEST GUST SPEED    14   HIGHEST GUST DIRECTION     N (340)
  AVERAGE WIND SPEED     4.3


RELATIVE HUMIDITY (PERCENT)
 HIGHEST    67
 LOWEST     19
 AVERAGE    43

..........................................................


THE MERCED CA AIRPORT CLIMATE NORMALS FOR TODAY
                         NORMAL    RECORD    YEAR
 MAXIMUM TEMPERATURE (F)   88       104      1963
 MINIMUM TEMPERATURE (F)   54        38      1948


SUNRISE AND SUNSET
SEPTEMBER 26 2022.....SUNRISE   654 AM PDT   SUNSET   653 PM PDT
SEPTEMBER 27 2022.....SUNRISE   655 AM PDT   SUNSET   651 PM PDT


-  INDICATES NEGATIVE NUMBERS.
R  INDICATES RECORD WAS SET OR TIED.
MM INDICATES DATA IS MISSING.
T  INDICATES TRACE AMOUNT.




$$
