000
CDAK49 PAFG 291053
CLIMCG

CLIMATE REPORT
NATIONAL WEATHER SERVICE FAIRBANKS AK
253 AM AKDT THU SEP 29 2022


...THE MCGRATH AK CLIMATE SUMMARY FOR SEPTEMBER 28 2022...

CLIMATE NORMAL PERIOD 1991 TO 2020
CLIMATE RECORD PERIOD 1946 TO 2022


WEATHER ITEM   OBSERVED TIME   RECORD YEAR NORMAL DEPARTURE LAST
                VALUE   (LST)  VALUE       VALUE  FROM      YEAR
                                                  NORMAL
...................................................................
TEMPERATURE (F)
 YESTERDAY
  MAXIMUM         49    653 PM  61    1984  47      2       MM
  MINIMUM         38    642 AM  15    1946  33      5       MM
                                      1992
  AVERAGE         44                        40      4       MM

PRECIPITATION (IN)
  YESTERDAY        0.07          0.58 1960   0.08  -0.01    MM
  MONTH TO DATE    2.58                      2.38   0.20    MM
  SINCE SEP 1      2.58                      2.38   0.20    MM
  SINCE JAN 1      9.56                     13.80  -4.24     3.55

DEGREE DAYS
 HEATING
  YESTERDAY       21                        25     -4       MM
  MONTH TO DATE  472                       521    -49       MM
  SINCE SEP 1    472                       521    -49       MM
  SINCE JUL 1    891                       953    -62      200

 COOLING
  YESTERDAY        0                         0      0       MM
  MONTH TO DATE    0                         0      0       MM
  SINCE SEP 1      0                         0      0       MM
  SINCE JAN 1      2                        31    -29        4
...................................................................


WIND (MPH)
  HIGHEST GUST SPEED    22   HIGHEST GUST DIRECTION     E (90)


SKY COVER
  AVERAGE SKY COVER 0.8


WEATHER CONDITIONS
THE FOLLOWING WEATHER WAS RECORDED YESTERDAY.
  LIGHT RAIN


RELATIVE HUMIDITY (PERCENT)
 HIGHEST    89
 LOWEST     54
 AVERAGE    72

..........................................................


THE MCGRATH AK CLIMATE NORMALS FOR TODAY
                         NORMAL    RECORD    YEAR
 MAXIMUM TEMPERATURE (F)   47        65      1959
 MINIMUM TEMPERATURE (F)   33        13      1992


SUNRISE AND SUNSET
SEPTEMBER 29 2022.....SUNRISE   826 AM AKDT  SUNSET   758 PM AKDT
SEPTEMBER 30 2022.....SUNRISE   828 AM AKDT  SUNSET   755 PM AKDT

-  INDICATES NEGATIVE NUMBERS.
R  INDICATES RECORD WAS SET OR TIED.
MM INDICATES DATA IS MISSING.
T  INDICATES TRACE AMOUNT.

&&

----------------------------
AVAILABLE DAYLIGHT

AMOUNT OF DAYLIGHT TODAY  (HOUR:MIN)........11:32
GAIN/LOSS SINCE YESTERDAY (HOUR:MIN:SEC)....-0:06:06
----------------------------

$$
SEP 22
