000
CDUS43 KEAX 060038
CLIMCI
CLIMATE REPORT
NATIONAL WEATHER SERVICE KANSAS CITY/PLEASANT HILL MO
737 PM CDT WED OCT 05 2022

...................................

...THE KANSAS CITY INTERNATIONAL MO CLIMATE SUMMARY FOR OCTOBER 5 2022...
VALID TODAY AS OF 0700 PM LOCAL TIME.

CLIMATE NORMAL PERIOD: 1991 TO 2020
CLIMATE RECORD PERIOD: 1888 TO 2022


WEATHER ITEM   OBSERVED TIME   RECORD YEAR NORMAL DEPARTURE LAST
                VALUE   (LST)  VALUE       VALUE  FROM      YEAR
                                                  NORMAL
...................................................................
TEMPERATURE (F)
 TODAY
  MAXIMUM         83   2:24 PM  97    1963  72     11       78
  MINIMUM         59   8:21 AM  34    1988  50      9       51
  AVERAGE         71                        61     10       65

PRECIPITATION (IN)
  TODAY            T             2.90 1967   0.12  -0.12     0.00
  MONTH TO DATE    T                         0.65  -0.65     0.13
  SINCE SEP 1      0.84                      4.69  -3.85     2.23
  SINCE JAN 1     27.69                     33.13  -5.44    34.23

SNOWFALL (IN)
  TODAY            0.0           0.0    MM   0.0    0.0      0.0
  MONTH TO DATE    0.0                       0.0    0.0      0.0
  SINCE SEP 1      0.0                       0.0    0.0      0.0
  SINCE JUL 1      0.0                       0.0    0.0       T
  SNOW DEPTH       0

DEGREE DAYS
 HEATING
  TODAY            0                         6     -6        0
  MONTH TO DATE    1                        27    -26        0
  SINCE SEP 1     24                        85    -61       14
  SINCE JUL 1     24                        87    -63       14

 COOLING
  TODAY            6                         2      4        0
  MONTH TO DATE   13                        10      3       13
  SINCE SEP 1    226                       168     58      239
  SINCE JAN 1   1628                      1341    287     1634
...................................................................


WIND (MPH)
  HIGHEST WIND SPEED    16   HIGHEST WIND DIRECTION    SE (150)
  HIGHEST GUST SPEED    22   HIGHEST GUST DIRECTION    NW (300)
  AVERAGE WIND SPEED     9.2


SKY COVER
  POSSIBLE SUNSHINE  MM
  AVERAGE SKY COVER 0.7


WEATHER CONDITIONS
THE FOLLOWING WEATHER WAS RECORDED TODAY.
  LIGHT RAIN
  HAZE


RELATIVE HUMIDITY (PERCENT)
 HIGHEST    70           9:00 AM
 LOWEST     30           4:00 PM
 AVERAGE    50

..........................................................


THE KANSAS CITY INTERNATIONAL MO CLIMATE NORMALS FOR TOMORROW
                         NORMAL    RECORD    YEAR
 MAXIMUM TEMPERATURE (F)   72        95      1963
 MINIMUM TEMPERATURE (F)   50        31      1935
                                             1991


SUNRISE AND SUNSET
OCTOBER  5 2022.......SUNRISE   7:19 AM CDT   SUNSET   6:55 PM CDT
OCTOBER  6 2022.......SUNRISE   7:20 AM CDT   SUNSET   6:53 PM CDT


-  INDICATES NEGATIVE NUMBERS.
R  INDICATES RECORD WAS SET OR TIED.
MM INDICATES DATA IS MISSING.
T  INDICATES TRACE AMOUNT.



&&

...MISCELLANEOUS CLIMATE DATA FROM TODAY...

LOCATION                HIGH    LOW      PRECIP
ST. JOSEPH               80      56       T
DOWNTOWN KANSAS CITY     82      63       T
OLATHE NEW CENTURY       83      61       T
OLATHE JO CO EXEC        81      59       T
LEES SUMMIT              82      59       T
KIRKSVILLE               75      46       T
CHILLICOTHE              80      52       0.00
SEDALIA                  76      51       T
NWS PLEASANT HILL MO     80      55       T


THIS PRODUCT...ALONG WITH OTHER WEATHER...HYDROLOGICAL AND CLIMATE
INFORMATION...IS AVAILABLE ON THE WEB AT HTTP://WWW.WEATHER.GOV/EAX
OR AT HTTP://WEATHER.GOV

$$

BMW
