000
CDUS43 KGLD 060737
CLIMCK

CLIMATE REPORT
NATIONAL WEATHER SERVICE
137 AM MDT THU OCT 06 2022

...................................

...THE MCCOOK NE CLIMATE SUMMARY FOR OCTOBER 5 2022...

CLIMATE NORMAL PERIOD: 1991 TO 2020
CLIMATE RECORD PERIOD: 1896 TO 2022


WEATHER ITEM   OBSERVED TIME   RECORD YEAR NORMAL DEPARTURE LAST
                VALUE   (LST)  VALUE       VALUE  FROM      YEAR
                                                  NORMAL
...................................................................
TEMPERATURE (F)
 YESTERDAY
  MAXIMUM         77   4:15 PM  97    2007  73      4       80
  MINIMUM         45   6:37 AM  27    1964  43      2       42
  AVERAGE         61                        58      3       61

PRECIPITATION (IN)
  YESTERDAY        0.00                      0.06  -0.06     0.00
  MONTH TO DATE    0.16                      0.27  -0.11     0.00
  SINCE SEP 1      1.84                      1.90  -0.06     3.24
  SINCE JAN 1      9.04                     17.84  -8.80    16.87

...................................................................


THE MCCOOK NE CLIMATE NORMALS FOR TODAY
                         NORMAL    RECORD    YEAR
 MAXIMUM TEMPERATURE (F)   72        92      1918
                                             1990
                                             2007
 MINIMUM TEMPERATURE (F)   42        27      1991
                                             2000


-  INDICATES NEGATIVE NUMBERS.
R  INDICATES RECORD WAS SET OR TIED.
MM INDICATES DATA IS MISSING.
T  INDICATES TRACE AMOUNT.




$$
