000
CDUS42 KFFC 060031
CLIMCN

CLIMATE REPORT
NATIONAL WEATHER SERVICE PEACHTREE CITY GA
831 PM EDT WED OCT 05 2022

...................................

...THE MACON CLIMATE SUMMARY FOR OCTOBER 5 2022...
VALID AS OF 0800 PM LOCAL TIME.

CLIMATE NORMAL PERIOD: 1991 TO 2020
CLIMATE RECORD PERIOD: 1899 TO 2022


WEATHER ITEM   OBSERVED TIME   RECORD YEAR NORMAL DEPARTURE LAST
                VALUE   (LST)  VALUE       VALUE  FROM      YEAR
                                                  NORMAL
...................................................................
TEMPERATURE (F)
 TODAY
  MAXIMUM         82   4:21 PM 100    1954  83     -1       75
  MINIMUM         46   6:46 AM  37    1974  58    -12       69
                                      2014
  AVERAGE         64                        70     -6       72

PRECIPITATION (IN)
  TODAY            0.00          1.59 1899   0.10  -0.10     0.66
  MONTH TO DATE    0.00                      0.51  -0.51     1.10
  SINCE SEP 1      2.07                      4.17  -2.10     5.16
  SINCE JAN 1     38.61                     36.85   1.76    40.52

DEGREE DAYS
 HEATING
  TODAY            1                         1      0        0
  MONTH TO DATE    4                         4      0        0
  SINCE SEP 1      9                         7      2        0
  SINCE JUL 1      9                         7      2        0

 COOLING
  TODAY            0                         6     -6        7
  MONTH TO DATE    6                        33    -27       42
  SINCE SEP 1    299                       371    -72      351
  SINCE JAN 1   2259                      2223     36     2086
...................................................................


WIND (MPH)
  HIGHEST WIND SPEED    12   HIGHEST WIND DIRECTION     N (340)
  HIGHEST GUST SPEED    18   HIGHEST GUST DIRECTION     N (10)
  AVERAGE WIND SPEED     3.5


SKY COVER
  AVERAGE SKY COVER 0.0


WEATHER CONDITIONS
THE FOLLOWING WEATHER WAS RECORDED TODAY.
  NO SIGNIFICANT WEATHER WAS OBSERVED.


RELATIVE HUMIDITY (PERCENT)
 HIGHEST   100           6:00 AM
 LOWEST     25           5:00 PM

..........................................................


THE MACON CLIMATE NORMALS FOR TOMORROW
                         NORMAL    RECORD
 MAXIMUM TEMPERATURE (F)   82        99
 MINIMUM TEMPERATURE (F)   58        41


SUNRISE AND SUNSET
OCTOBER  5 2022.......SUNRISE   7:31 AM EDT   SUNSET   7:14 PM EDT
OCTOBER  6 2022.......SUNRISE   7:32 AM EDT   SUNSET   7:13 PM EDT


-  INDICATES NEGATIVE NUMBERS.
R  INDICATES RECORD WAS SET OR TIED.
MM INDICATES DATA IS MISSING.
T  INDICATES TRACE AMOUNT.




$$
