000
CDUS42 KMLB 292036
CLIMCO

CLIMATE REPORT
NATIONAL WEATHER SERVICE MELBOURNE FL
436 PM EDT THU SEP 29 2022

...................................

...THE ORLANDO INTL CLIMATE SUMMARY FOR SEPTEMBER 29 2022...
VALID TODAY AS OF 0400 PM LOCAL TIME.

CLIMATE NORMAL PERIOD 1991 TO 2020
CLIMATE RECORD PERIOD 1892 TO 2022


WEATHER ITEM   OBSERVED TIME   RECORD YEAR NORMAL DEPARTURE LAST
                VALUE   (LST)  VALUE       VALUE  FROM      YEAR
                                                  NORMAL
...................................................................
TEMPERATURE (F)
 TODAY
  MAXIMUM         74    111 PM  96    1921  88    -14       88
  MINIMUM         64    259 PM  59    1931  71     -7       69
  AVERAGE         69                        79    -10       79

PRECIPITATION (IN)
  TODAY            5.39R         3.43 1920   0.18   5.21     0.00
  MONTH TO DATE   22.42                      6.20  16.22     5.65
  SINCE SEP 1     22.42                      6.20  16.22     5.65
  SINCE JAN 1     54.56                     43.55  11.01    36.70

SNOWFALL (IN)
  TODAY            0.0
  MONTH TO DATE    0.0
  SINCE JUL 1      0.0

DEGREE DAYS
 HEATING
  TODAY            0                         0      0        0
  MONTH TO DATE    0                         0      0        0
  SINCE SEP 1      0                         0      0        0
  SINCE JUL 1      0                         0      0        0

 COOLING
  TODAY            4                        14    -10       14
  MONTH TO DATE  524                       465     59      525
  SINCE SEP 1    524                       465     59      525
  SINCE JAN 1   3504                      2891    613     3232
...................................................................


WIND (MPH)
  HIGHEST WIND SPEED    53   HIGHEST WIND DIRECTION     N (350)
  HIGHEST GUST SPEED    74   HIGHEST GUST DIRECTION     N (360)
  AVERAGE WIND SPEED    30.9


SKY COVER
  AVERAGE SKY COVER 1.0


WEATHER CONDITIONS
THE FOLLOWING WEATHER WAS RECORDED TODAY.
  HEAVY RAIN
  RAIN
  LIGHT RAIN
  FOG


RELATIVE HUMIDITY (PERCENT)
 HIGHEST   100          1200 AM
 LOWEST     87          1000 AM
 AVERAGE    94

..........................................................


THE ORLANDO INTL CLIMATE NORMALS FOR TOMORROW
                         NORMAL    RECORD    YEAR
 MAXIMUM TEMPERATURE (F)   88        96      1921
 MINIMUM TEMPERATURE (F)   71        59      1896


SUNRISE AND SUNSET
SEPTEMBER 29 2022.....SUNRISE   717 AM EDT   SUNSET   713 PM EDT
SEPTEMBER 30 2022.....SUNRISE   718 AM EDT   SUNSET   712 PM EDT


-  INDICATES NEGATIVE NUMBERS.
R  INDICATES RECORD WAS SET OR TIED.
MM INDICATES DATA IS MISSING.
T  INDICATES TRACE AMOUNT.




$$
