000
CDUS43 KDMX 050630
CLIMCW

CLIMATE REPORT
NATIONAL WEATHER SERVICE DES MOINES IA
130 AM CDT WED OCT 05 2022

...................................

...THE MASON CITY IA CLIMATE SUMMARY FOR OCTOBER 4 2022...

CLIMATE NORMAL PERIOD 1991 TO 2020
CLIMATE RECORD PERIOD 1893 TO 2022


WEATHER ITEM   OBSERVED TIME   RECORD YEAR NORMAL DEPARTURE LAST
                VALUE   (LST)  VALUE       VALUE  FROM      YEAR
                                                  NORMAL
...................................................................
TEMPERATURE (F)
 YESTERDAY
  MAXIMUM         76    139 PM  87    1938  66     10       74
                                      2005
  MINIMUM         44    641 AM  20    1935  41      3       45
  AVERAGE         60                        54      6       60

PRECIPITATION (IN)
  YESTERDAY        0.00          1.42 2002   0.10  -0.10     0.00
  MONTH TO DATE    T                         0.43  -0.43     0.37
  SINCE SEP 1      1.26                      3.88  -2.62     2.33
  SINCE JAN 1     26.52                     31.19  -4.67    25.79

SNOWFALL (IN)
  YESTERDAY        0.0           T    2014   0.0    0.0      0.0
  MONTH TO DATE    0.0                       0.0    0.0      0.0
  SINCE SEP 1      0.0                       0.0    0.0      0.0
  SINCE JUL 1      0.0                       0.0    0.0      0.0
  SNOW DEPTH       0

DEGREE DAYS
 HEATING
  YESTERDAY        5                        12     -7        5
  MONTH TO DATE   19                        44    -25       10
  SINCE SEP 1    167                       208    -41       86
  SINCE JUL 1    167                       244    -77       91

 COOLING
  YESTERDAY        0                         0      0        0
  MONTH TO DATE    0                         2     -2        6
  SINCE SEP 1     53                        59     -6       52
  SINCE JAN 1    673                       598     75      793
...................................................................


WIND (MPH)
  HIGHEST WIND SPEED    17   HIGHEST WIND DIRECTION     S (160)
  HIGHEST GUST SPEED    23   HIGHEST GUST DIRECTION     S (160)
  AVERAGE WIND SPEED     7.3


WEATHER CONDITIONS
THE FOLLOWING WEATHER WAS RECORDED YESTERDAY.
  NO SIGNIFICANT WEATHER WAS OBSERVED.


RELATIVE HUMIDITY (PERCENT)
 HIGHEST    90           500 AM
 LOWEST     36           300 PM
 AVERAGE    63

..........................................................


THE MASON CITY IA CLIMATE NORMALS FOR TODAY
                         NORMAL    RECORD    YEAR
 MAXIMUM TEMPERATURE (F)   66        95      1963
 MINIMUM TEMPERATURE (F)   41        22      1935


SUNRISE AND SUNSET
OCTOBER  5 2022.......SUNRISE   715 AM CDT   SUNSET   647 PM CDT
OCTOBER  6 2022.......SUNRISE   716 AM CDT   SUNSET   646 PM CDT


-  INDICATES NEGATIVE NUMBERS.
R  INDICATES RECORD WAS SET OR TIED.
MM INDICATES DATA IS MISSING.
T  INDICATES TRACE AMOUNT.




$$
