000
CDUS43 KPAH 290626
CLIMDH

CLIMATE REPORT
NATIONAL WEATHER SERVICE PADUCAH KY
126 AM CDT THU SEP 29 2022

...................................

...THE CARBONDALE IL CLIMATE SUMMARY FOR SEPTEMBER 28 2022...

CLIMATE NORMAL PERIOD 1991 TO 2020
CLIMATE RECORD PERIOD 1898 TO 2022


WEATHER ITEM   OBSERVED TIME   RECORD YEAR NORMAL DEPARTURE LAST
                VALUE   (LST)  VALUE       VALUE  FROM      YEAR
                                                  NORMAL
...................................................................
TEMPERATURE (F)
 YESTERDAY
  MAXIMUM         68    314 PM  96    1939  77     -9       88
  MINIMUM         37    551 AM  32    1942  51    -14       58
                                      1985
  AVERAGE         53                        64    -11       73

PRECIPITATION (IN)
  YESTERDAY        0.00          1.95 1927   0.11  -0.11     0.00
  MONTH TO DATE    0.69                      2.63  -1.94     6.48
  SINCE SEP 1      0.69                      2.63  -1.94     6.48
  SINCE JAN 1     25.87                     33.26  -7.39    33.30

DEGREE DAYS
 HEATING
  YESTERDAY       12                         4      8        0
  MONTH TO DATE   38                        39     -1       15
  SINCE SEP 1     38                        39     -1       15
  SINCE JUL 1     38                        40     -2       15

 COOLING
  YESTERDAY        0                         3     -3        8
  MONTH TO DATE  163                       140     23      172
  SINCE SEP 1    163                       140     23      172
  SINCE JAN 1   1509                      1331    178     1382
...................................................................


WIND (MPH)
  HIGHEST WIND SPEED    14   HIGHEST WIND DIRECTION    NE (50)
  HIGHEST GUST SPEED    22   HIGHEST GUST DIRECTION     N (360)
  AVERAGE WIND SPEED     5.5


SKY COVER
  AVERAGE SKY COVER 0.0


WEATHER CONDITIONS
THE FOLLOWING WEATHER WAS RECORDED YESTERDAY.
  NO SIGNIFICANT WEATHER WAS OBSERVED.


RELATIVE HUMIDITY (PERCENT)
 HIGHEST   100           300 AM
 LOWEST     32           300 PM
 AVERAGE    66

..........................................................


THE CARBONDALE IL CLIMATE NORMALS FOR TODAY
                         NORMAL    RECORD    YEAR
 MAXIMUM TEMPERATURE (F)   77       101      1953
 MINIMUM TEMPERATURE (F)   51        31      1942


SUNRISE AND SUNSET
SEPTEMBER 29 2022.....SUNRISE   651 AM CDT   SUNSET   643 PM CDT
SEPTEMBER 30 2022.....SUNRISE   652 AM CDT   SUNSET   642 PM CDT


-  INDICATES NEGATIVE NUMBERS.
R  INDICATES RECORD WAS SET OR TIED.
MM INDICATES DATA IS MISSING.
T  INDICATES TRACE AMOUNT.




$$
