000
CDUS41 KCTP 020634
CLIMDT

CLIMATE REPORT
NATIONAL WEATHER SERVICE STATE COLLEGE PA
234 AM EDT SUN OCT 02 2022

...................................

...THE HARRISBURG PA CLIMATE SUMMARY FOR OCTOBER 1 2022...

CLIMATE NORMAL PERIOD 1991 TO 2020
CLIMATE RECORD PERIOD 1888 TO 2022


WEATHER ITEM   OBSERVED TIME   RECORD YEAR NORMAL DEPARTURE LAST
                VALUE   (LST)  VALUE       VALUE  FROM      YEAR
                                                  NORMAL
...................................................................
TEMPERATURE (F)
 YESTERDAY
  MAXIMUM         60    314 PM  90    1927  72    -12       68
  MINIMUM         53    806 AM  35    1947  52      1       48
  AVERAGE         57                        62     -5       58

PRECIPITATION (IN)
  YESTERDAY        0.49          3.06 1913   0.14   0.35     0.00
  MONTH TO DATE    0.49                      0.14   0.35     0.00
  SINCE SEP 1      4.47                      4.97  -0.50    11.40
  SINCE JAN 1     32.11                     34.16  -2.05    41.77

SNOWFALL (IN)
  YESTERDAY        0.0           0.0  2001   0.0    0.0      0.0
                                      2002
  MONTH TO DATE    0.0                       0.0    0.0      0.0
  SINCE SEP 1      0.0                       0.0    0.0      0.0
  SINCE JUL 1      0.0                       0.0    0.0      0.0
  SNOW DEPTH       0

DEGREE DAYS
 HEATING
  YESTERDAY        8                         5      3        7
  MONTH TO DATE    8                         5      3        7
  SINCE SEP 1     50                        53     -3       17
  SINCE JUL 1     50                        54     -4       17

 COOLING
  YESTERDAY        0                         2     -2        0
  MONTH TO DATE    0                         2     -2        0
  SINCE SEP 1    148                       137     11      162
  SINCE JAN 1   1354                      1158    196     1401
...................................................................


WIND (MPH)
  HIGHEST WIND SPEED    14   HIGHEST WIND DIRECTION    NE (60)
  HIGHEST GUST SPEED    22   HIGHEST GUST DIRECTION    NE (40)
  AVERAGE WIND SPEED     5.9


SKY COVER
  POSSIBLE SUNSHINE  MM
  AVERAGE SKY COVER 1.0


WEATHER CONDITIONS
THE FOLLOWING WEATHER WAS RECORDED YESTERDAY.
  HEAVY RAIN
  RAIN
  LIGHT RAIN
  FOG


RELATIVE HUMIDITY (PERCENT)
 HIGHEST    97           400 PM
 LOWEST     80          1000 AM
 AVERAGE    89

..........................................................


THE HARRISBURG PA CLIMATE NORMALS FOR TODAY
                         NORMAL    RECORD    YEAR
 MAXIMUM TEMPERATURE (F)   71        93      2019
 MINIMUM TEMPERATURE (F)   52        34      1899


SUNRISE AND SUNSET
OCTOBER  2 2022.......SUNRISE   704 AM EDT   SUNSET   648 PM EDT
OCTOBER  3 2022.......SUNRISE   705 AM EDT   SUNSET   646 PM EDT


-  INDICATES NEGATIVE NUMBERS.
R  INDICATES RECORD WAS SET OR TIED.
MM INDICATES DATA IS MISSING.
T  INDICATES TRACE AMOUNT.




$$
