000
CDUS43 KLOT 020633
CLIMDW

CLIMATE REPORT
NATIONAL WEATHER SERVICE CHICAGO IL
133 AM CDT SUN OCT 02 2022

...................................

...THE CHICAGO-MIDWAY CLIMATE SUMMARY FOR OCTOBER 1 2022...

CLIMATE NORMAL PERIOD: 1991 TO 2020
CLIMATE RECORD PERIOD: 1928 TO 2022


WEATHER ITEM   OBSERVED TIME   RECORD YEAR NORMAL DEPARTURE LAST
                VALUE   (LST)  VALUE       VALUE  FROM      YEAR
                                                  NORMAL
...................................................................
TEMPERATURE (F)
 YESTERDAY
  MAXIMUM         70   2:15 PM  92    1971  70      0       86
  MINIMUM         52   6:17 AM  32    1974  53     -1       62
  AVERAGE         61                        62     -1       74

PRECIPITATION (IN)
  YESTERDAY        0.00          1.29 2016   0.11  -0.11     0.00
  MONTH TO DATE    0.00                      0.11  -0.11     0.00
  SINCE SEP 1      2.06                      2.88  -0.82     0.91
  SINCE JAN 1     25.98                     26.91  -0.93    18.37

DEGREE DAYS
 HEATING
  YESTERDAY        4                         5     -1        0
  MONTH TO DATE    4                         5     -1        0
  SINCE SEP 1     58                        64     -6       13
  SINCE JUL 1     58                        68    -10       13

 COOLING
  YESTERDAY        0                         2     -2        9
  MONTH TO DATE    0                         2     -2        9
  SINCE SEP 1    214                       138     76      226
  SINCE JAN 1   1486                      1094    392     1392
...................................................................


WIND (MPH)
  HIGHEST WIND SPEED    20   HIGHEST WIND DIRECTION    NE (60)
  HIGHEST GUST SPEED    25   HIGHEST GUST DIRECTION    NE (50)
  AVERAGE WIND SPEED     9.5


SKY COVER
  AVERAGE SKY COVER 0.1


WEATHER CONDITIONS
THE FOLLOWING WEATHER WAS RECORDED YESTERDAY.
  FOG
  HAZE


RELATIVE HUMIDITY (PERCENT)
 HIGHEST    86           3:00 AM
 LOWEST     40           4:00 PM
 AVERAGE    63

..........................................................


THE CHICAGO-MIDWAY CLIMATE NORMALS FOR TODAY
                         NORMAL    RECORD    YEAR
 MAXIMUM TEMPERATURE (F)   70        91      1971
 MINIMUM TEMPERATURE (F)   52        28      1974


SUNRISE AND SUNSET
OCTOBER  2 2022.......SUNRISE   6:49 AM CDT   SUNSET   6:31 PM CDT
OCTOBER  3 2022.......SUNRISE   6:50 AM CDT   SUNSET   6:29 PM CDT


-  INDICATES NEGATIVE NUMBERS.
R  INDICATES RECORD WAS SET OR TIED.
MM INDICATES DATA IS MISSING.
T  INDICATES TRACE AMOUNT.




$$
