000
CDUS44 KMEG 010638
CLIMEG

CLIMATE REPORT
NATIONAL WEATHER SERVICE MEMPHIS TN
138 AM CDT SAT OCT 01 2022

...................................

...THE MEMPHIS/GERMANTOWN WFO CLIMATE SUMMARY FOR SEPTEMBER 30 2022...

CLIMATE NORMAL PERIOD 1991 TO 2020
CLIMATE RECORD PERIOD 1988 TO 2022


WEATHER ITEM   OBSERVED TIME   RECORD YEAR NORMAL DEPARTURE LAST
                VALUE   (LST)  VALUE       VALUE  FROM      YEAR
                                                  NORMAL
...................................................................
TEMPERATURE (F)
 YESTERDAY
  MAXIMUM         76    317 PM  96    2019  81     -5       76
  MINIMUM         48    615 AM  44    1999  56     -8       69
  AVERAGE         62                        69     -7       73

PRECIPITATION (IN)
  YESTERDAY        0.00          2.00 1989   0.14  -0.14     0.30
  MONTH TO DATE    3.36                      3.74  -0.38     3.69
  SINCE SEP 1      3.36                      3.74  -0.38     3.69
  SINCE JAN 1     43.46                     42.55   0.91    46.60

SNOWFALL (IN)
  YESTERDAY        0.0          MM      MM   0.0    0.0      0.0
  MONTH TO DATE    0.0                       0.0    0.0      0.0
  SINCE SEP 1      0.0                       0.0    0.0      0.0
  SINCE JUL 1      0.0                       0.0    0.0      0.0
  SNOW DEPTH       0

DEGREE DAYS
 HEATING
  YESTERDAY        3                         2      1        0
  MONTH TO DATE   10                        13     -3        2
  SINCE SEP 1     10                        13     -3        2
  SINCE JUL 1     10                        13     -3        2

 COOLING
  YESTERDAY        0                         5     -5        8
  MONTH TO DATE  286                       272     14      263
  SINCE SEP 1    286                       272     14      263
  SINCE JAN 1   2177                      1893    284     1875
...................................................................


THE MEMPHIS/GERMANTOWN WFO CLIMATE NORMALS FOR TODAY
                         NORMAL    RECORD    YEAR
 MAXIMUM TEMPERATURE (F)   81        96      2019
 MINIMUM TEMPERATURE (F)   56        42      1992


SUNRISE AND SUNSET
OCTOBER  1 2022.......SUNRISE   654 AM CDT   SUNSET   643 PM CDT
OCTOBER  2 2022.......SUNRISE   655 AM CDT   SUNSET   642 PM CDT


-  INDICATES NEGATIVE NUMBERS.
R  INDICATES RECORD WAS SET OR TIED.
MM INDICATES DATA IS MISSING.
T  INDICATES TRACE AMOUNT.




$$
