000
CDUS44 KJAN 260815
CLIMEI

CLIMATE REPORT
NATIONAL WEATHER SERVICE JACKSON MS
315 AM CDT MON SEP 26 2022

...................................

...THE MERIDIAN CLIMATE SUMMARY FOR SEPTEMBER 25 2022...

CLIMATE NORMAL PERIOD: 1991 TO 2020
CLIMATE RECORD PERIOD: 1889 TO 2022


WEATHER ITEM   OBSERVED TIME   RECORD YEAR NORMAL DEPARTURE LAST
                VALUE   (LST)  VALUE       VALUE  FROM      YEAR
                                                  NORMAL
...................................................................
TEMPERATURE (F)
 YESTERDAY
  MAXIMUM         90   3:58 PM  99    2016  87      3       82
  MINIMUM         62   5:01 AM  45    1965  63     -1       51
                                      1990
  AVERAGE         76                        75      1       67

PRECIPITATION (IN)
  YESTERDAY        0.00          4.42 2002   0.10  -0.10     0.00
  MONTH TO DATE    0.43                      2.60  -2.17     4.07
  SINCE SEP 1      0.43                      2.60  -2.17     4.07
  SINCE JAN 1     42.55                     43.09  -0.54    58.59

SNOWFALL (IN)
  YESTERDAY        0.0           0.0  2001   0.0    0.0      0.0
                                      2002
  MONTH TO DATE    0.0                       0.0    0.0      0.0
  SINCE SEP 1      0.0                       0.0    0.0      0.0
  SINCE JUL 1      0.0                       0.0    0.0      0.0

DEGREE DAYS
 HEATING
  YESTERDAY        0                         0      0        0
  MONTH TO DATE    0                         0      0        1
  SINCE SEP 1      0                         0      0        1
  SINCE JUL 1      0                         0      0        1

 COOLING
  YESTERDAY       11                        10      1        2
  MONTH TO DATE  314                       324    -10      255
  SINCE SEP 1    314                       324    -10      255
  SINCE JAN 1   2473                      2270    203     1934
...................................................................


WIND (MPH)
  HIGHEST WIND SPEED    16   HIGHEST WIND DIRECTION    NW (330)
  HIGHEST GUST SPEED    24   HIGHEST GUST DIRECTION    NW (330)
  AVERAGE WIND SPEED     2.4


SKY COVER
  POSSIBLE SUNSHINE  MM
  AVERAGE SKY COVER 0.1


WEATHER CONDITIONS
THE FOLLOWING WEATHER WAS RECORDED YESTERDAY.
  NO SIGNIFICANT WEATHER WAS OBSERVED.


RELATIVE HUMIDITY (PERCENT)
 HIGHEST    96           5:00 AM
 LOWEST     49           4:00 PM
 AVERAGE    73

..........................................................


THE MERIDIAN CLIMATE NORMALS FOR TODAY
                         NORMAL    RECORD    YEAR
 MAXIMUM TEMPERATURE (F)   87        99      2016
 MINIMUM TEMPERATURE (F)   62        44      1899
                                             1990
                                             2001


SUNRISE AND SUNSET
SEPTEMBER 26 2022.....SUNRISE   6:46 AM CDT   SUNSET   6:46 PM CDT
SEPTEMBER 27 2022.....SUNRISE   6:46 AM CDT   SUNSET   6:45 PM CDT


-  INDICATES NEGATIVE NUMBERS.
R  INDICATES RECORD WAS SET OR TIED.
MM INDICATES DATA IS MISSING.
T  INDICATES TRACE AMOUNT.




$$
