000
CDUS44 KMEG 260639
CLIMEM

CLIMATE REPORT
NATIONAL WEATHER SERVICE MEMPHIS TN
139 AM CDT MON SEP 26 2022

...................................

...THE MEMPHIS CLIMATE SUMMARY FOR SEPTEMBER 25 2022...

CLIMATE NORMAL PERIOD 1991 TO 2020
CLIMATE RECORD PERIOD 1872 TO 2022


WEATHER ITEM   OBSERVED TIME   RECORD YEAR NORMAL DEPARTURE LAST
                VALUE   (LST)  VALUE       VALUE  FROM      YEAR
                                                  NORMAL
...................................................................
TEMPERATURE (F)
 YESTERDAY
  MAXIMUM         93    113 PM  98    2016  83     10       84
  MINIMUM         68   1159 PM  43    1965  63      5       59
  AVERAGE         81                        73      8       72

PRECIPITATION (IN)
  YESTERDAY        T             1.88 1872   0.10  -0.10     0.00
  MONTH TO DATE    2.24                      2.45  -0.21     1.48
  SINCE SEP 1      2.24                      2.45  -0.21     1.48
  SINCE JAN 1     41.45                     40.20   1.25    41.33

SNOWFALL (IN)
  YESTERDAY        0.0           0.0  2001   0.0    0.0      0.0
                                      2002
  MONTH TO DATE    0.0                       0.0    0.0      0.0
  SINCE SEP 1      0.0                       0.0    0.0      0.0
  SINCE JUL 1      0.0                       0.0    0.0      0.0
  SNOW DEPTH       0

DEGREE DAYS
 HEATING
  YESTERDAY        0                         0      0        0
  MONTH TO DATE    0                         0      0        0
  SINCE SEP 1      0                         0      0        0
  SINCE JUL 1      0                         0      0        0

 COOLING
  YESTERDAY       16                         8      8        7
  MONTH TO DATE  383                       298     85      281
  SINCE SEP 1    383                       298     85      281
  SINCE JAN 1   2572                      2160    412     2046
...................................................................


WIND (MPH)
  HIGHEST WIND SPEED    16   HIGHEST WIND DIRECTION     N (10)
  HIGHEST GUST SPEED    28   HIGHEST GUST DIRECTION     N (20)
  AVERAGE WIND SPEED     7.9


SKY COVER
  POSSIBLE SUNSHINE  MM
  AVERAGE SKY COVER 0.3


WEATHER CONDITIONS
THE FOLLOWING WEATHER WAS RECORDED YESTERDAY.
  LIGHT RAIN


RELATIVE HUMIDITY (PERCENT)
 HIGHEST    85           600 AM
 LOWEST     31           500 PM
 AVERAGE    58

..........................................................


THE MEMPHIS CLIMATE NORMALS FOR TODAY
                         NORMAL    RECORD    YEAR
 MAXIMUM TEMPERATURE (F)   83        95      1954
 MINIMUM TEMPERATURE (F)   62        46      1942
                                             2000
                                             2001


SUNRISE AND SUNSET
SEPTEMBER 26 2022.....SUNRISE   651 AM CDT   SUNSET   651 PM CDT
SEPTEMBER 27 2022.....SUNRISE   652 AM CDT   SUNSET   649 PM CDT


-  INDICATES NEGATIVE NUMBERS.
R  INDICATES RECORD WAS SET OR TIED.
MM INDICATES DATA IS MISSING.
T  INDICATES TRACE AMOUNT.




$$
