000
CDUS41 KCLE 010527
CLIMFD

CLIMATE REPORT
NATIONAL WEATHER SERVICE CLEVELAND, OH
127 AM EDT SAT OCT 01 2022

...................................

...THE MANSFIELD OH CLIMATE SUMMARY FOR SEPTEMBER 30 2022...

CLIMATE NORMAL PERIOD 1991 TO 2020
CLIMATE RECORD PERIOD 1916 TO 2022


WEATHER ITEM   OBSERVED TIME   RECORD YEAR NORMAL DEPARTURE LAST
                VALUE   (LST)  VALUE       VALUE  FROM      YEAR
                                                  NORMAL
...................................................................
TEMPERATURE (F)
 YESTERDAY
  MAXIMUM         63    225 PM  88    2019  70     -7       71
  MINIMUM         42    654 AM  31    1935  49     -7       45
  AVERAGE         53                        59     -6       58

PRECIPITATION (IN)
  YESTERDAY        0.00                      0.11  -0.11     0.00
  MONTH TO DATE    5.65                      3.36   2.29     3.03
  SINCE SEP 1      5.65                      3.36   2.29     3.03
  SINCE JAN 1     39.85                     33.16   6.69    30.77

SNOWFALL (IN)
  YESTERDAY        0.0                       0.0    0.0      0.0
  MONTH TO DATE    0.0                       0.0    0.0      0.0
  SINCE SEP 1      0.0                       0.0    0.0      0.0
  SINCE JUL 1      0.0                       0.0    0.0      0.0
  SNOW DEPTH       0

DEGREE DAYS
 HEATING
  YESTERDAY       12                         7      5        7
  MONTH TO DATE   98                       101     -3       57
  SINCE SEP 1     98                       101     -3       57
  SINCE JUL 1    104                       117    -13       57

 COOLING
  YESTERDAY        0                         1     -1        0
  MONTH TO DATE   83                        81      2      126
  SINCE SEP 1     83                        81      2      126
  SINCE JAN 1    808                       738     70     1109
...................................................................


WIND (MPH)
  HIGHEST WIND SPEED    16   HIGHEST WIND DIRECTION    NE (60)
  HIGHEST GUST SPEED    20   HIGHEST GUST DIRECTION    NE (50)
  AVERAGE WIND SPEED     7.1


SKY COVER
  POSSIBLE SUNSHINE  MM
  AVERAGE SKY COVER 0.0


WEATHER CONDITIONS
THE FOLLOWING WEATHER WAS RECORDED YESTERDAY.
  NO SIGNIFICANT WEATHER WAS OBSERVED.


RELATIVE HUMIDITY (PERCENT)
 HIGHEST    93           200 AM
 LOWEST     35           300 PM
 AVERAGE    64

..........................................................


THE MANSFIELD OH CLIMATE NORMALS FOR TODAY
                         NORMAL    RECORD    YEAR
 MAXIMUM TEMPERATURE (F)   69        90      2019
 MINIMUM TEMPERATURE (F)   48        29      1956


SUNRISE AND SUNSET
OCTOBER  1 2022.......SUNRISE   727 AM EDT   SUNSET   712 PM EDT
OCTOBER  2 2022.......SUNRISE   728 AM EDT   SUNSET   710 PM EDT


-  INDICATES NEGATIVE NUMBERS.
R  INDICATES RECORD WAS SET OR TIED.
MM INDICATES DATA IS MISSING.
T  INDICATES TRACE AMOUNT.




$$
