000
CDUS44 KBRO 290629
CLIMFE

CLIMATE REPORT
NATIONAL WEATHER SERVICE BROWNSVILLE, TX
129 AM CDT THU SEP 29 2022

...................................

...THE MCALLEN CLIMATE SUMMARY FOR SEPTEMBER 28 2022...

CLIMATE NORMAL PERIOD 1991 TO 2020
CLIMATE RECORD PERIOD 1961 TO 2022


WEATHER ITEM   OBSERVED TIME   RECORD YEAR NORMAL DEPARTURE LAST
                VALUE   (LST)  VALUE       VALUE  FROM      YEAR
                                                  NORMAL
...................................................................
TEMPERATURE (F)
 YESTERDAY
  MAXIMUM         92    216 PM 104    2005  93     -1       97
  MINIMUM         65    402 AM  50    1942  73     -8       76
  AVERAGE         79                        83     -4

PRECIPITATION (IN)
  YESTERDAY        0.00          3.07 1987   0.12  -0.12      T
  MONTH TO DATE    3.83                      4.39  -0.56     1.97
  SINCE SEP 1      3.83                      4.39  -0.56     1.97
  SINCE JAN 1     12.80                     17.61  -4.81    28.33

SNOWFALL (IN)
  YESTERDAY        0.0
  MONTH TO DATE    0.0
  SINCE SEP 1      0.0
  SINCE JUL 1      0.0
  SNOW DEPTH       0

DEGREE DAYS
 HEATING
  YESTERDAY        0                         0      0        0
  MONTH TO DATE    0                         0      0        0
  SINCE SEP 1      0                         0      0        0
  SINCE JUL 1      0                         0      0        0

 COOLING
  YESTERDAY       14                        18     -4       22
  MONTH TO DATE  542                       563    -21      566
  SINCE SEP 1    542                       563    -21      566
  SINCE JAN 1   4061                      4206   -145     3789
...................................................................


WIND (MPH)
  HIGHEST WIND SPEED    18   HIGHEST WIND DIRECTION     E (70)
  HIGHEST GUST SPEED    27   HIGHEST GUST DIRECTION    NE (50)
  AVERAGE WIND SPEED     8.7


WEATHER CONDITIONS
THE FOLLOWING WEATHER WAS RECORDED YESTERDAY.
  NO SIGNIFICANT WEATHER WAS OBSERVED.


RELATIVE HUMIDITY (PERCENT)
 HIGHEST    78
 LOWEST     37
 AVERAGE    58

..........................................................


THE MCALLEN CLIMATE NORMALS FOR TODAY
                         NORMAL    RECORD    YEAR
 MAXIMUM TEMPERATURE (F)   92       101      2005
 MINIMUM TEMPERATURE (F)   73        54      1948


SUNRISE AND SUNSET
SEPTEMBER 29 2022.....SUNRISE   724 AM CDT   SUNSET   721 PM CDT
SEPTEMBER 30 2022.....SUNRISE   725 AM CDT   SUNSET   720 PM CDT


-  INDICATES NEGATIVE NUMBERS.
R  INDICATES RECORD WAS SET OR TIED.
MM INDICATES DATA IS MISSING.
T  INDICATES TRACE AMOUNT.




$$
