000
CDUS46 KMFR 060110
CLIMFR

CLIMATE REPORT
NATIONAL WEATHER SERVICE MEDFORD, OR
610 PM PDT WED OCT 05 2022

...................................

...THE MEDFORD OR CLIMATE SUMMARY FOR OCTOBER 5 2022...
VALID TODAY AS OF 0500 PM LOCAL TIME.

CLIMATE NORMAL PERIOD 1991 TO 2020
CLIMATE RECORD PERIOD 1911 TO 2022


WEATHER ITEM   OBSERVED TIME   RECORD YEAR NORMAL DEPARTURE LAST
                VALUE   (LST)  VALUE       VALUE  FROM      YEAR
                                                  NORMAL
...................................................................
TEMPERATURE (F)
 TODAY
  MAXIMUM         90    344 PM  97    1980  77     13       74
  MINIMUM         52    625 AM  27    1916  45      7       49
  AVERAGE         71                        61     10       62

PRECIPITATION (IN)
  TODAY            0.00          0.67 1939   0.02  -0.02     0.27
  MONTH TO DATE    0.00                      0.12  -0.12     0.27
  SINCE OCT 1      0.00                      0.12  -0.12     0.27
  SINCE JAN 1      7.84                     11.19  -3.35     8.50

SNOWFALL (IN)
  TODAY           MM                         0.0   MM        0.0
  MONTH TO DATE    0.0                       0.0    0.0      0.0
  SINCE JUL 1      0.0                       0.0    0.0      0.0
  SNOW DEPTH      MM

DEGREE DAYS
 HEATING
  TODAY            0                         5     -5        3
  MONTH TO DATE    0                        22    -22        3
  SINCE SEP 1      8                        70    -62       39
  SINCE JUL 1      8                        77    -69       39

 COOLING
  TODAY            6                         1      5        0
  MONTH TO DATE   26                         6     20        4
  SINCE SEP 1    233                       136     97      135
  SINCE JAN 1   1241                       903    338     1333
...................................................................


WIND (MPH)
  HIGHEST WIND SPEED     8   HIGHEST WIND DIRECTION    NW (320)
  HIGHEST GUST SPEED    12   HIGHEST GUST DIRECTION    NW (330)
  AVERAGE WIND SPEED     0.9


SKY COVER
  POSSIBLE SUNSHINE  MM
  AVERAGE SKY COVER 0.0


WEATHER CONDITIONS
THE FOLLOWING WEATHER WAS RECORDED TODAY.
  NO SIGNIFICANT WEATHER WAS OBSERVED.


RELATIVE HUMIDITY (PERCENT)
 HIGHEST    80           600 AM
 LOWEST     24           400 PM
 AVERAGE    52

..........................................................


THE MEDFORD OR CLIMATE NORMALS FOR TOMORROW
                         NORMAL    RECORD    YEAR
 MAXIMUM TEMPERATURE (F)   76        95      1933
 MINIMUM TEMPERATURE (F)   45        30      1969
                                             1972
                                             1974


SUNRISE AND SUNSET
OCTOBER  5 2022.......SUNRISE   713 AM PDT   SUNSET   646 PM PDT
OCTOBER  6 2022.......SUNRISE   714 AM PDT   SUNSET   644 PM PDT


-  INDICATES NEGATIVE NUMBERS.
R  INDICATES RECORD WAS SET OR TIED.
MM INDICATES DATA IS MISSING.
T  INDICATES TRACE AMOUNT.




$$
