000
CDUS44 KBMX 060747
CLIMGM

CLIMATE REPORT
NATIONAL WEATHER SERVICE BIRMINGHAM AL
247 AM CDT THU OCT 06 2022

...................................

...THE MONTGOMERY CLIMATE SUMMARY FOR OCTOBER 5 2022...

CLIMATE NORMAL PERIOD 1991 TO 2020
CLIMATE RECORD PERIOD 1872 TO 2022


WEATHER ITEM   OBSERVED TIME   RECORD YEAR NORMAL DEPARTURE LAST
                VALUE   (LST)  VALUE       VALUE  FROM      YEAR
                                                  NORMAL
...................................................................
TEMPERATURE (F)
 YESTERDAY
  MAXIMUM         83    347 PM  99    1954  84     -1       80
  MINIMUM         51   1145 PM  39    1968  60     -9       69
  AVERAGE         67                        72     -5       75

PRECIPITATION (IN)
  YESTERDAY        0.00          4.62 1934   0.10  -0.10     0.47
  MONTH TO DATE    0.00                      0.51  -0.51     3.61
  SINCE SEP 1      1.87                      4.20  -2.33     8.45
  SINCE JAN 1     45.78                     39.96   5.82    47.88

SNOWFALL (IN)
  YESTERDAY        0.0                      MM     MM        0.0
  MONTH TO DATE    0.0                       0.0    0.0      0.0
  SINCE SEP 1      0.0                      MM     MM        0.0
  SINCE JUL 1      0.0                      MM     MM        0.0
  SNOW DEPTH       0

DEGREE DAYS
 HEATING
  YESTERDAY        0                         1     -1        0
  MONTH TO DATE    0                         2     -2        0
  SINCE SEP 1      0                         4     -4        0
  SINCE JUL 1      0                         4     -4        0

 COOLING
  YESTERDAY        2                         7     -5       10
  MONTH TO DATE   10                        40    -30       55
  SINCE SEP 1    353                       426    -73      409
  SINCE JAN 1   2530                      2405    125     2300
...................................................................


WIND (MPH)
  HIGHEST WIND SPEED    12   HIGHEST WIND DIRECTION    NW (320)
  HIGHEST GUST SPEED    14   HIGHEST GUST DIRECTION     W (290)
  AVERAGE WIND SPEED     2.3


SKY COVER
  AVERAGE SKY COVER 0.0


WEATHER CONDITIONS
THE FOLLOWING WEATHER WAS RECORDED YESTERDAY.
  NO SIGNIFICANT WEATHER WAS OBSERVED.


RELATIVE HUMIDITY (PERCENT)
 HIGHEST   100           400 AM
 LOWEST     28           300 PM
 AVERAGE    64

..........................................................


THE MONTGOMERY CLIMATE NORMALS FOR TODAY
                         NORMAL    RECORD    YEAR
 MAXIMUM TEMPERATURE (F)   84       100      1954
 MINIMUM TEMPERATURE (F)   59        41      2010


SUNRISE AND SUNSET
OCTOBER  6 2022.......SUNRISE   643 AM CDT   SUNSET   624 PM CDT
OCTOBER  7 2022.......SUNRISE   644 AM CDT   SUNSET   623 PM CDT


-  INDICATES NEGATIVE NUMBERS.
R  INDICATES RECORD WAS SET OR TIED.
MM INDICATES DATA IS MISSING.
T  INDICATES TRACE AMOUNT.




$$
