000
CDUS41 KPBZ 060536
CLIMGW

CLIMATE REPORT
NATIONAL WEATHER SERVICE PITTSBURGH PA
136 AM EDT THU OCT 06 2022

...................................

...THE MORGANTOWN WV CLIMATE SUMMARY FOR OCTOBER 5 2022...

CLIMATE NORMAL PERIOD 1991 TO 2020
CLIMATE RECORD PERIOD 1872 TO 2022


WEATHER ITEM   OBSERVED TIME   RECORD YEAR NORMAL DEPARTURE LAST
                VALUE   (LST)  VALUE       VALUE  FROM      YEAR
                                                  NORMAL
...................................................................
TEMPERATURE (F)
 YESTERDAY
  MAXIMUM         70    418 PM  89    1959  70      0       81
  MINIMUM         43    651 AM  26    1935  49     -6       56
  AVERAGE         57                        59     -2       69

PRECIPITATION (IN)
  YESTERDAY        0.00          0.92 1926   0.11  -0.11     0.00
  MONTH TO DATE    1.72                      0.52   1.20     0.26
  SINCE SEP 1      6.03                      3.93   2.10     3.67
  SINCE JAN 1     35.98                     34.36   1.62    39.84

DEGREE DAYS
 HEATING
  YESTERDAY        8                         7      1        0
  MONTH TO DATE   59                        31     28       13
  SINCE SEP 1    136                        97     39       49
  SINCE JUL 1    136                       102     34       49

 COOLING
  YESTERDAY        0                         1     -1        4
  MONTH TO DATE    0                         5     -5        9
  SINCE SEP 1    115                       116     -1      145
  SINCE JAN 1   1036                       915    121     1119
...................................................................


WIND (MPH)
  HIGHEST WIND SPEED     8   HIGHEST WIND DIRECTION     N (350)
  HIGHEST GUST SPEED    12   HIGHEST GUST DIRECTION     N (360)
  AVERAGE WIND SPEED     1.2


SKY COVER
  POSSIBLE SUNSHINE  MM
  AVERAGE SKY COVER 0.3


WEATHER CONDITIONS
THE FOLLOWING WEATHER WAS RECORDED YESTERDAY.
  FOG


RELATIVE HUMIDITY (PERCENT)
 HIGHEST    97           700 AM
 LOWEST     33           300 PM
 AVERAGE    65

..........................................................


THE MORGANTOWN WV CLIMATE NORMALS FOR TODAY
                         NORMAL    RECORD    YEAR
 MAXIMUM TEMPERATURE (F)   70        92      1900
 MINIMUM TEMPERATURE (F)   48        29      1964
                                             1965


SUNRISE AND SUNSET
OCTOBER  6 2022.......SUNRISE   721 AM EDT   SUNSET   654 PM EDT
OCTOBER  7 2022.......SUNRISE   722 AM EDT   SUNSET   653 PM EDT


-  INDICATES NEGATIVE NUMBERS.
R  INDICATES RECORD WAS SET OR TIED.
MM INDICATES DATA IS MISSING.
T  INDICATES TRACE AMOUNT.




$$
