000
CDUS43 KTOP 290623
CLIMHK

CLIMATE REPORT
NATIONAL WEATHER SERVICE TOPEKA KS
123 AM CDT THU SEP 29 2022

...................................

...THE MANHATTAN KS CLIMATE SUMMARY FOR SEPTEMBER 28 2022...

CLIMATE NORMAL PERIOD 1991 TO 2020
CLIMATE RECORD PERIOD 9999 TO 9999


WEATHER ITEM   OBSERVED NORMAL DEPARTURE LAST
                VALUE   VALUE  FROM      YEAR
                               NORMAL
................................................
TEMPERATURE (F)
 YESTERDAY
  MAXIMUM         76     77     -1       94
  MINIMUM         50     51     -1       57
  AVERAGE         63     64     -1       76

PRECIPITATION (IN)
  YESTERDAY        0.00   0.07  -0.07     0.00
  MONTH TO DATE    1.70   2.55  -0.85     3.21
  SINCE SEP 1      1.70   2.55  -0.85     3.21
  SINCE JAN 1     21.98  27.25  -5.27    24.04

DEGREE DAYS
 HEATING
  YESTERDAY        2      4     -2        0
  MONTH TO DATE   19     50    -31       12
  SINCE SEP 1     19     50    -31       12
  SINCE JUL 1     19     52    -33       12

 COOLING
  YESTERDAY        0      3     -3       11
  MONTH TO DATE  231    168     63      261
  SINCE SEP 1    231    168     63      261
  SINCE JAN 1   1714   1452    262     1699
................................................


WIND (MPH)
  HIGHEST WIND SPEED    17   HIGHEST WIND DIRECTION    NE (60)
  HIGHEST GUST SPEED    24   HIGHEST GUST DIRECTION     E (100)
  AVERAGE WIND SPEED     9.2


SKY COVER
  AVERAGE SKY COVER 0.0


WEATHER CONDITIONS
THE FOLLOWING WEATHER WAS RECORDED YESTERDAY.
  NO SIGNIFICANT WEATHER WAS OBSERVED.


RELATIVE HUMIDITY (PERCENT)
 HIGHEST    74
 LOWEST     26
 AVERAGE    50

..........................................................


THE MANHATTAN KS CLIMATE NORMALS FOR TODAY
                         NORMAL    RECORD    YEAR
 MAXIMUM TEMPERATURE (F)   77        MM        MM
 MINIMUM TEMPERATURE (F)   51        MM        MM


SUNRISE AND SUNSET
SEPTEMBER 29 2022.....SUNRISE   721 AM CDT   SUNSET   712 PM CDT
SEPTEMBER 30 2022.....SUNRISE   722 AM CDT   SUNSET   711 PM CDT


-  INDICATES NEGATIVE NUMBERS.
R  INDICATES RECORD WAS SET OR TIED.
MM INDICATES DATA IS MISSING.
T  INDICATES TRACE AMOUNT.




$$
